{"id":2683,"date":"2019-03-11T11:52:51","date_gmt":"2019-03-11T14:52:51","guid":{"rendered":"http:\/\/personalbiker.com.br\/lojapb\/?post_type=product&#038;p=2683"},"modified":"2021-10-08T10:55:27","modified_gmt":"2021-10-08T13:55:27","slug":"capacete-mt-blade-max-power","status":"publish","type":"product","link":"https:\/\/personalbiker.com.br\/lojapb\/produto\/capacete-mt-blade-max-power\/","title":{"rendered":"Capacete MT BLADE MAX  POWER"},"content":{"rendered":"","protected":false},"excerpt":{"rendered":"<p><b class=\"keyword\">Caracter\u00edsticas:<\/b><\/p>\n<p>&#8211; Casco em ABS-P, mais leve e mais resistente;<br \/>\n&#8211; Dois tamanhos de casco;<br \/>\n&#8211; Forra\u00e7\u00e3o em tecidos m\u00faltiplos para um conforto extra, totalmente remov\u00edvel e lav\u00e1vel;<br \/>\n&#8211; Viseira de 2,2 mil\u00edmetros com f\u00e1cil sistema de troca r\u00e1pida;<br \/>\n&#8211; Cinta jugular com sistema de engate microm\u00e9trico;<br \/>\n&#8211; Sistema de ar din\u00e2mico que proporciona maior ventila\u00e7\u00e3o;<br \/>\n&#8211; Bavete;<br \/>\n&#8211; Narigueira;<\/p>\n<p>IMAGENS MERAMENTE ILUSTRATIVAS<\/p>\n","protected":false},"featured_media":10001,"template":"","meta":[],"product_brand":[],"product_cat":[53],"product_tag":[],"class_list":{"0":"post-2683","1":"product","2":"type-product","3":"status-publish","4":"has-post-thumbnail","6":"product_cat-mt","7":"pa_cor-branco-vermelho-2","8":"pa_tamanho-58m","10":"first","11":"outofstock","12":"shipping-taxable","13":"purchasable","14":"product-type-variable"},"_links":{"self":[{"href":"https:\/\/personalbiker.com.br\/lojapb\/wp-json\/wp\/v2\/product\/2683","targetHints":{"allow":["GET"]}}],"collection":[{"href":"https:\/\/personalbiker.com.br\/lojapb\/wp-json\/wp\/v2\/product"}],"about":[{"href":"https:\/\/personalbiker.com.br\/lojapb\/wp-json\/wp\/v2\/types\/product"}],"wp:featuredmedia":[{"embeddable":true,"href":"https:\/\/personalbiker.com.br\/lojapb\/wp-json\/wp\/v2\/media\/10001"}],"wp:attachment":[{"href":"https:\/\/personalbiker.com.br\/lojapb\/wp-json\/wp\/v2\/media?parent=2683"}],"wp:term":[{"taxonomy":"product_brand","embeddable":true,"href":"https:\/\/personalbiker.com.br\/lojapb\/wp-json\/wp\/v2\/product_brand?post=2683"},{"taxonomy":"product_cat","embeddable":true,"href":"https:\/\/personalbiker.com.br\/lojapb\/wp-json\/wp\/v2\/product_cat?post=2683"},{"taxonomy":"product_tag","embeddable":true,"href":"https:\/\/personalbiker.com.br\/lojapb\/wp-json\/wp\/v2\/product_tag?post=2683"}],"curies":[{"name":"wp","href":"https:\/\/api.w.org\/{rel}","templated":true}]}}