{"id":2511,"date":"2019-03-08T12:41:52","date_gmt":"2019-03-08T15:41:52","guid":{"rendered":"http:\/\/personalbiker.com.br\/lojapb\/?post_type=product&#038;p=2511"},"modified":"2022-08-17T16:22:58","modified_gmt":"2022-08-17T19:22:58","slug":"capacete-pro-tork-v-pro-jet-color","status":"publish","type":"product","link":"https:\/\/personalbiker.com.br\/lojapb\/produto\/capacete-pro-tork-v-pro-jet-color\/","title":{"rendered":"Capacete Pro Tork V PRO JET COLOR"},"content":{"rendered":"","protected":false},"excerpt":{"rendered":"<p>INFORMA\u00c7\u00d5ES T\u00c9CNICAS:<\/p>\n<p>Uma vers\u00e3o mais agressiva do V-Pro Jet, agora inspirado com grafismos em fibras de carbono.<\/p>\n<p>\u2022 Dispon\u00edvel nas cores: Amarelo, Azul, Cinza, Laranja, Rosa, Verde, Vermelho;<\/p>\n<p>\u2022 Fabricado em ABS de alta resist\u00eancia;<br \/>\n\u2022 Queixo escamote\u00e1vel;<br \/>\n\u2022 Revestimento de prote\u00e7\u00e3o de EPS interno projetado para absorver e dissipar melhor os impactos;<br \/>\n\u2022 Forro de camur\u00e7a anti-al\u00e9rgico e anti-mofo;<br \/>\n\u2022 O capacete possu\u00ed 3 entradas para uma melhor ventila\u00e7\u00e3o do ar;<br \/>\n\u2022 Viseira em Polibicarbonato 2mm de espessura;<\/p>\n<p>\u2022 Peso real do capacete: 1,587 kg<\/p>\n<p>NORMAS E SEGURAN\u00c7A:<\/p>\n<p>\u2022 Segue todas as normas de seguran\u00e7a do INMETRO que garante a qualidade e a seguran\u00e7a do capacete.<br \/>\n\u2022 Cinta jugular com sistema de engate r\u00e1pido microm\u00e9trico;<br \/>\n\u2022 Acompanha tamb\u00e9m os ADESIVOS REFLETIVOS j\u00e1 colados no capacete.<\/p>\n<p>Tamanhos Dispon\u00edveis: 58,60 e 62.<\/p>\n<p>IMAGENS MERAMENTE ILUSTRATIVAS<\/p>\n","protected":false},"featured_media":10051,"template":"","meta":[],"product_brand":[],"product_cat":[25,52],"product_tag":[],"class_list":{"0":"post-2511","1":"product","2":"type-product","3":"status-publish","4":"has-post-thumbnail","6":"product_cat-capacetes","7":"product_cat-pro-tork","8":"pa_cor-branco-carbon-cinza","9":"pa_cor-preto-carbon-cinza","10":"pa_tamanho-75","11":"pa_tamanho-76","13":"first","14":"instock","15":"shipping-taxable","16":"purchasable","17":"product-type-variable"},"_links":{"self":[{"href":"https:\/\/personalbiker.com.br\/lojapb\/wp-json\/wp\/v2\/product\/2511","targetHints":{"allow":["GET"]}}],"collection":[{"href":"https:\/\/personalbiker.com.br\/lojapb\/wp-json\/wp\/v2\/product"}],"about":[{"href":"https:\/\/personalbiker.com.br\/lojapb\/wp-json\/wp\/v2\/types\/product"}],"wp:featuredmedia":[{"embeddable":true,"href":"https:\/\/personalbiker.com.br\/lojapb\/wp-json\/wp\/v2\/media\/10051"}],"wp:attachment":[{"href":"https:\/\/personalbiker.com.br\/lojapb\/wp-json\/wp\/v2\/media?parent=2511"}],"wp:term":[{"taxonomy":"product_brand","embeddable":true,"href":"https:\/\/personalbiker.com.br\/lojapb\/wp-json\/wp\/v2\/product_brand?post=2511"},{"taxonomy":"product_cat","embeddable":true,"href":"https:\/\/personalbiker.com.br\/lojapb\/wp-json\/wp\/v2\/product_cat?post=2511"},{"taxonomy":"product_tag","embeddable":true,"href":"https:\/\/personalbiker.com.br\/lojapb\/wp-json\/wp\/v2\/product_tag?post=2511"}],"curies":[{"name":"wp","href":"https:\/\/api.w.org\/{rel}","templated":true}]}}

<p>INFORMAÇÕES TÉCNICAS:</p>
<p>Uma versão mais agressiva do V-Pro Jet, agora inspirado com grafismos em fibras de carbono.</p>
<p>• Disponível nas cores: Amarelo, Azul, Cinza, Laranja, Rosa, Verde, Vermelho;</p>
<p>• Fabricado em ABS de alta resistência;<br />
• Queixo escamoteável;<br />
• Revestimento de proteção de EPS interno projetado para absorver e dissipar melhor os impactos;<br />
• Forro de camurça anti-alérgico e anti-mofo;<br />
• O capacete possuí 3 entradas para uma melhor ventilação do ar;<br />
• Viseira em Polibicarbonato 2mm de espessura;</p>
<p>• Peso real do capacete: 1,587 kg</p>
<p>NORMAS E SEGURANÇA:</p>
<p>• Segue todas as normas de segurança do INMETRO que garante a qualidade e a segurança do capacete.<br />
• Cinta jugular com sistema de engate rápido micrométrico;<br />
• Acompanha também os ADESIVOS REFLETIVOS já colados no capacete.</p>
<p>Tamanhos Disponíveis: 58,60 e 62.</p>
<p>IMAGENS MERAMENTE ILUSTRATIVAS</p>
