{"id":251,"date":"2015-02-10T10:50:18","date_gmt":"2015-02-10T10:50:18","guid":{"rendered":"http:\/\/personalbiker.com.br\/lojapb\/?product=mini-moto-cross-125cc-mxf"},"modified":"2023-05-30T12:04:35","modified_gmt":"2023-05-30T15:04:35","slug":"mini-moto-cross-125cc-mxf","status":"publish","type":"product","link":"https:\/\/personalbiker.com.br\/lojapb\/produto\/mini-moto-cross-125cc-mxf\/","title":{"rendered":"MINI MOTO CROSS 125CC PRO SERIES SM 110 MT 1A2  MXF"},"content":{"rendered":"","protected":false},"excerpt":{"rendered":"<p>&nbsp;<\/p>\n<p>Esse modelo \u00e9 um sucesso de vendas! Sua geometria refor\u00e7ada, motor de 125cc e partida el\u00e9trica facilitam a passagem pelas mais diversas trilhas e obst\u00e1culos, proporcionando estabilidade e for\u00e7a. Ideal para lazer em ch\u00e1caras, fazendas e trilhas off-road, \u00e9 uma \u00f3tima op\u00e7\u00e3o para divers\u00e3o entre amigos e fam\u00edlia. A PRO SERIES 125cc possui suspens\u00e3o invertida, freios a disco, amortecedor traseiro a g\u00e1s e aros 17\/14. Tais atributos a tornam uma moto vers\u00e1til para adolescentes e adultos. Seu design \u00e9 exclusivo e o acabamento \u00e9 diferenciado.<\/p>\n<p>\u2013 Altura indicada: a partir de 1,50m.<\/p>\n<p>\u2013 Faixa et\u00e1ria: a partir de 12 anos.<\/p>\n<p>MOTOR:<\/p>\n<p>Tipo de motor: 125cc \u2013 4 tempos, monocil\u00edndrico a gasolina<br \/>\nArrefecimento: Refrigera\u00e7\u00e3o a ar<br \/>\nPot\u00eancia M\u00e1xima: 8.5CV\/7500r\/min.<br \/>\nSistema de Alimenta\u00e7\u00e3o: Carburador PZ22<br \/>\nSistema de Igni\u00e7\u00e3o: CDI<br \/>\nSistema de Partida: El\u00e9trica e Pedal<br \/>\nVelocidade M\u00e1xima: 85 km\/h<br \/>\nRendimento: 24 km\/L<\/p>\n<p>SUSPENS\u00c3O E FREIOS:<\/p>\n<p>Quadro: Tubular \u2013 A\u00e7o de alta resist\u00eancia<br \/>\nSuspens\u00e3o dianteira: Invertida \u2013 Garfo telesc\u00f3pico hidr\u00e1ulico<br \/>\nSuspens\u00e3o traseira: Sistema mono chock amortecedor hidr\u00e1ulico ajust\u00e1vel<br \/>\nFreios dianteiro\/traseiro: Hidr\u00e1ulicos \u2013 Discos de 215 mm \/ 200 mm, pin\u00e7as com pist\u00e3o simples<\/p>\n<p>DIMENS\u00d5ES E CAPACIDADE:<\/p>\n<p>Dimens\u00f5es Gerais: 1630 x 760 x 1090 mm<br \/>\nAltura do Assento: 860 mm<br \/>\nRodas dianteira\/traseira: 70 x 100 \u2013 17\u2019 \/ 90 x 100 \u2013 14\u2019<br \/>\nAros dianteiro\/traseiro: 17\u2019 \/ 14\u2019<br \/>\nCapacidade do Tanque: 3 litros<br \/>\nPeso: 70 kg<br \/>\nCapacidade de Carga: 100 kg<br \/>\nPorte: M\u00e9dio<\/p>\n<p>DIRIGIBILIDADE:<\/p>\n<p>Sistema de Transmiss\u00e3o: 4 velocidades, (neutro para baixo, 4 para cima)<br \/>\nSistema de Embreagem: Multidisco, em banho de \u00f3leo<br \/>\nMovimenta\u00e7\u00e3o: Por corrente<\/p>\n<p>&nbsp;<\/p>\n<p>Frete por conta do comprador, via transportadora.<\/p>\n","protected":false},"featured_media":1286,"template":"","meta":[],"product_brand":[],"product_cat":[19],"product_tag":[],"class_list":{"0":"post-251","1":"product","2":"type-product","3":"status-publish","4":"has-post-thumbnail","6":"product_cat-mini-motos","7":"pa_cor-laranja","9":"first","10":"outofstock","11":"purchasable","12":"product-type-simple"},"_links":{"self":[{"href":"https:\/\/personalbiker.com.br\/lojapb\/wp-json\/wp\/v2\/product\/251","targetHints":{"allow":["GET"]}}],"collection":[{"href":"https:\/\/personalbiker.com.br\/lojapb\/wp-json\/wp\/v2\/product"}],"about":[{"href":"https:\/\/personalbiker.com.br\/lojapb\/wp-json\/wp\/v2\/types\/product"}],"wp:featuredmedia":[{"embeddable":true,"href":"https:\/\/personalbiker.com.br\/lojapb\/wp-json\/wp\/v2\/media\/1286"}],"wp:attachment":[{"href":"https:\/\/personalbiker.com.br\/lojapb\/wp-json\/wp\/v2\/media?parent=251"}],"wp:term":[{"taxonomy":"product_brand","embeddable":true,"href":"https:\/\/personalbiker.com.br\/lojapb\/wp-json\/wp\/v2\/product_brand?post=251"},{"taxonomy":"product_cat","embeddable":true,"href":"https:\/\/personalbiker.com.br\/lojapb\/wp-json\/wp\/v2\/product_cat?post=251"},{"taxonomy":"product_tag","embeddable":true,"href":"https:\/\/personalbiker.com.br\/lojapb\/wp-json\/wp\/v2\/product_tag?post=251"}],"curies":[{"name":"wp","href":"https:\/\/api.w.org\/{rel}","templated":true}]}}

<p>&nbsp;</p>
<p>Esse modelo é um sucesso de vendas! Sua geometria reforçada, motor de 125cc e partida elétrica facilitam a passagem pelas mais diversas trilhas e obstáculos, proporcionando estabilidade e força. Ideal para lazer em chácaras, fazendas e trilhas off-road, é uma ótima opção para diversão entre amigos e família. A PRO SERIES 125cc possui suspensão invertida, freios a disco, amortecedor traseiro a gás e aros 17/14. Tais atributos a tornam uma moto versátil para adolescentes e adultos. Seu design é exclusivo e o acabamento é diferenciado.</p>
<p>– Altura indicada: a partir de 1,50m.</p>
<p>– Faixa etária: a partir de 12 anos.</p>
<p>MOTOR:</p>
<p>Tipo de motor: 125cc – 4 tempos, monocilíndrico a gasolina<br />
Arrefecimento: Refrigeração a ar<br />
Potência Máxima: 8.5CV/7500r/min.<br />
Sistema de Alimentação: Carburador PZ22<br />
Sistema de Ignição: CDI<br />
Sistema de Partida: Elétrica e Pedal<br />
Velocidade Máxima: 85 km/h<br />
Rendimento: 24 km/L</p>
<p>SUSPENSÃO E FREIOS:</p>
<p>Quadro: Tubular – Aço de alta resistência<br />
Suspensão dianteira: Invertida – Garfo telescópico hidráulico<br />
Suspensão traseira: Sistema mono chock amortecedor hidráulico ajustável<br />
Freios dianteiro/traseiro: Hidráulicos – Discos de 215 mm / 200 mm, pinças com pistão simples</p>
<p>DIMENSÕES E CAPACIDADE:</p>
<p>Dimensões Gerais: 1630 x 760 x 1090 mm<br />
Altura do Assento: 860 mm<br />
Rodas dianteira/traseira: 70 x 100 – 17’ / 90 x 100 – 14’<br />
Aros dianteiro/traseiro: 17’ / 14’<br />
Capacidade do Tanque: 3 litros<br />
Peso: 70 kg<br />
Capacidade de Carga: 100 kg<br />
Porte: Médio</p>
<p>DIRIGIBILIDADE:</p>
<p>Sistema de Transmissão: 4 velocidades, (neutro para baixo, 4 para cima)<br />
Sistema de Embreagem: Multidisco, em banho de óleo<br />
Movimentação: Por corrente</p>
<p>&nbsp;</p>
<p>Frete por conta do comprador, via transportadora.</p>
