{"id":2492,"date":"2019-03-08T11:49:34","date_gmt":"2019-03-08T14:49:34","guid":{"rendered":"http:\/\/personalbiker.com.br\/lojapb\/?post_type=product&#038;p=2492"},"modified":"2022-08-17T16:24:19","modified_gmt":"2022-08-17T19:24:19","slug":"capacete-pro-tork-pro-jet3","status":"publish","type":"product","link":"https:\/\/personalbiker.com.br\/lojapb\/produto\/capacete-pro-tork-pro-jet3\/","title":{"rendered":"Capacete Pro Tork  PRO JET3"},"content":{"rendered":"","protected":false},"excerpt":{"rendered":"<p>O Mais novo lan\u00e7amento do Grupo Pro Tork o Capacete V-Pro Jet 3 possu\u00ed grafismos diferenciados, muito mais modernos e agressivos com cores neon, contando com uma proposta \u00fanica no mercado;<\/p>\n<p>\u2022 Cores Dispon\u00edveis: Amarelo, Azul, Azul Claro, Cinza, Laranja, Rosa, Verde, Vermelho;<\/p>\n<p>\u2022 Novo design do aerof\u00f3lio, mais din\u00e2mico;<br \/>\n\u2022 Possui forra\u00e7\u00e3o antial\u00e9rgica;<br \/>\n\u2022 Queixo escamote\u00e1vel;<br \/>\n\u2022 Entradas e sa\u00eddas de ar regul\u00e1veis;<br \/>\n\u2022 Resistente viseira cristal em policarbonato com 2mm de espessura e dupla curvatura;<br \/>\n\u2022 Casco injetado em ABS de alta resist\u00eancia;<br \/>\n\u2022 Modelo com EPS interno projetado para absorver e dissipar melhor os impactos;<\/p>\n<p>\u2022 Peso real do capacete: 1,587 kg;<\/p>\n<p>NORMAS E SEGURAN\u00c7A:<\/p>\n<p>\u2022 O Capacete possu\u00ed o selo DOT AMERICANO, certificado mundial de seguran\u00e7a o mesmo utilizado nas provas de F1 e Moto Velocidade.<br \/>\n\u2022 Segue todas as normas de seguran\u00e7a do INMETRO que garante a qualidade e a seguran\u00e7a do capacete.<br \/>\n\u2022 Cinta jugular com sistema de engate r\u00e1pido microm\u00e9trico;<br \/>\n\u2022 Acompanha tamb\u00e9m os ADESIVOS REFLETIVOS j\u00e1 colados no capacete.<\/p>\n<p>Tamanhos Dispon\u00edveis: 58,60 e 62.<\/p>\n<p>imagens meramente ilustrativas<\/p>\n","protected":false},"featured_media":7592,"template":"","meta":[],"product_brand":[],"product_cat":[52],"product_tag":[],"class_list":{"0":"post-2492","1":"product","2":"type-product","3":"status-publish","4":"has-post-thumbnail","6":"product_cat-pro-tork","7":"pa_cor-preto-cinza-azul","8":"pa_cor-preto-cinza-vermelho","9":"pa_tamanho-74","10":"pa_tamanho-75","12":"first","13":"instock","14":"shipping-taxable","15":"purchasable","16":"product-type-variable"},"_links":{"self":[{"href":"https:\/\/personalbiker.com.br\/lojapb\/wp-json\/wp\/v2\/product\/2492","targetHints":{"allow":["GET"]}}],"collection":[{"href":"https:\/\/personalbiker.com.br\/lojapb\/wp-json\/wp\/v2\/product"}],"about":[{"href":"https:\/\/personalbiker.com.br\/lojapb\/wp-json\/wp\/v2\/types\/product"}],"wp:featuredmedia":[{"embeddable":true,"href":"https:\/\/personalbiker.com.br\/lojapb\/wp-json\/wp\/v2\/media\/7592"}],"wp:attachment":[{"href":"https:\/\/personalbiker.com.br\/lojapb\/wp-json\/wp\/v2\/media?parent=2492"}],"wp:term":[{"taxonomy":"product_brand","embeddable":true,"href":"https:\/\/personalbiker.com.br\/lojapb\/wp-json\/wp\/v2\/product_brand?post=2492"},{"taxonomy":"product_cat","embeddable":true,"href":"https:\/\/personalbiker.com.br\/lojapb\/wp-json\/wp\/v2\/product_cat?post=2492"},{"taxonomy":"product_tag","embeddable":true,"href":"https:\/\/personalbiker.com.br\/lojapb\/wp-json\/wp\/v2\/product_tag?post=2492"}],"curies":[{"name":"wp","href":"https:\/\/api.w.org\/{rel}","templated":true}]}}

<p>O Mais novo lançamento do Grupo Pro Tork o Capacete V-Pro Jet 3 possuí grafismos diferenciados, muito mais modernos e agressivos com cores neon, contando com uma proposta única no mercado;</p>
<p>• Cores Disponíveis: Amarelo, Azul, Azul Claro, Cinza, Laranja, Rosa, Verde, Vermelho;</p>
<p>• Novo design do aerofólio, mais dinâmico;<br />
• Possui forração antialérgica;<br />
• Queixo escamoteável;<br />
• Entradas e saídas de ar reguláveis;<br />
• Resistente viseira cristal em policarbonato com 2mm de espessura e dupla curvatura;<br />
• Casco injetado em ABS de alta resistência;<br />
• Modelo com EPS interno projetado para absorver e dissipar melhor os impactos;</p>
<p>• Peso real do capacete: 1,587 kg;</p>
<p>NORMAS E SEGURANÇA:</p>
<p>• O Capacete possuí o selo DOT AMERICANO, certificado mundial de segurança o mesmo utilizado nas provas de F1 e Moto Velocidade.<br />
• Segue todas as normas de segurança do INMETRO que garante a qualidade e a segurança do capacete.<br />
• Cinta jugular com sistema de engate rápido micrométrico;<br />
• Acompanha também os ADESIVOS REFLETIVOS já colados no capacete.</p>
<p>Tamanhos Disponíveis: 58,60 e 62.</p>
<p>imagens meramente ilustrativas</p>
