{"id":2471,"date":"2019-03-08T09:40:59","date_gmt":"2019-03-08T12:40:59","guid":{"rendered":"http:\/\/personalbiker.com.br\/lojapb\/?post_type=product&#038;p=2471"},"modified":"2022-08-17T16:25:57","modified_gmt":"2022-08-17T19:25:57","slug":"capacete-pro-tork-r8","status":"publish","type":"product","link":"https:\/\/personalbiker.com.br\/lojapb\/produto\/capacete-pro-tork-r8\/","title":{"rendered":"Capacete Pro Tork R8"},"content":{"rendered":"","protected":false},"excerpt":{"rendered":"<p>O Capacete R8 tem um desenho completamente novo. Seu casco \u00e9 injetado em ABS e o isopor interno conta com aletas para absor\u00e7\u00e3o e dissipa\u00e7\u00e3o de choque, o que o torna resistente aos mais fortes impactos.<br \/>\n&#8211; Viseira resistente de cristal em policarbonato de 2mm de espessura<br \/>\n&#8211; Isopor interno com aletas para absor\u00e7\u00e3o e dissipa\u00e7\u00e3o de choque<br \/>\n&#8211; Capacete com selo autenticado INMETRO<br \/>\nProdutos de decora\u00e7\u00e3o n\u00e3o inclusos. Imagens meramente ilustrativas.<br \/>\nCor: Preto e azul<br \/>\nModelo: R8<br \/>\nDesign: Aerodin\u00e2mico arrojado<br \/>\nForra\u00e7\u00e3o: Antial\u00e9rgica<br \/>\nSistema de ventila\u00e7\u00e3o: Frontal<br \/>\nFecho: Microm\u00e9trico<br \/>\nMarca: Pro Tork<br \/>\nConte\u00fado da embalagem: 1 Capacete<br \/>\nDimens\u00f5es aproximadas da embalagem: 42 x 38 x 30 cm<br \/>\nPeso aproximado da embalagem: 1,3 Kg<br \/>\nInforma\u00e7\u00f5es Adicionais: Casco \u00e9 injetado em ABS<\/p>\n<p>imagens meramente ilustrativas<\/p>\n","protected":false},"featured_media":10048,"template":"","meta":[],"product_brand":[],"product_cat":[52],"product_tag":[],"class_list":{"0":"post-2471","1":"product","2":"type-product","3":"status-publish","4":"has-post-thumbnail","6":"product_cat-pro-tork","7":"pa_cor-preto-azul","8":"pa_cor-pretovermelho","9":"pa_tamanho-74","10":"pa_tamanho-75","12":"first","13":"instock","14":"shipping-taxable","15":"purchasable","16":"product-type-simple"},"_links":{"self":[{"href":"https:\/\/personalbiker.com.br\/lojapb\/wp-json\/wp\/v2\/product\/2471","targetHints":{"allow":["GET"]}}],"collection":[{"href":"https:\/\/personalbiker.com.br\/lojapb\/wp-json\/wp\/v2\/product"}],"about":[{"href":"https:\/\/personalbiker.com.br\/lojapb\/wp-json\/wp\/v2\/types\/product"}],"wp:featuredmedia":[{"embeddable":true,"href":"https:\/\/personalbiker.com.br\/lojapb\/wp-json\/wp\/v2\/media\/10048"}],"wp:attachment":[{"href":"https:\/\/personalbiker.com.br\/lojapb\/wp-json\/wp\/v2\/media?parent=2471"}],"wp:term":[{"taxonomy":"product_brand","embeddable":true,"href":"https:\/\/personalbiker.com.br\/lojapb\/wp-json\/wp\/v2\/product_brand?post=2471"},{"taxonomy":"product_cat","embeddable":true,"href":"https:\/\/personalbiker.com.br\/lojapb\/wp-json\/wp\/v2\/product_cat?post=2471"},{"taxonomy":"product_tag","embeddable":true,"href":"https:\/\/personalbiker.com.br\/lojapb\/wp-json\/wp\/v2\/product_tag?post=2471"}],"curies":[{"name":"wp","href":"https:\/\/api.w.org\/{rel}","templated":true}]}}

<p>O Capacete R8 tem um desenho completamente novo. Seu casco é injetado em ABS e o isopor interno conta com aletas para absorção e dissipação de choque, o que o torna resistente aos mais fortes impactos.<br />
&#8211; Viseira resistente de cristal em policarbonato de 2mm de espessura<br />
&#8211; Isopor interno com aletas para absorção e dissipação de choque<br />
&#8211; Capacete com selo autenticado INMETRO<br />
Produtos de decoração não inclusos. Imagens meramente ilustrativas.<br />
Cor: Preto e azul<br />
Modelo: R8<br />
Design: Aerodinâmico arrojado<br />
Forração: Antialérgica<br />
Sistema de ventilação: Frontal<br />
Fecho: Micrométrico<br />
Marca: Pro Tork<br />
Conteúdo da embalagem: 1 Capacete<br />
Dimensões aproximadas da embalagem: 42 x 38 x 30 cm<br />
Peso aproximado da embalagem: 1,3 Kg<br />
Informações Adicionais: Casco é injetado em ABS</p>
<p>imagens meramente ilustrativas</p>
