{"id":2462,"date":"2019-03-07T17:38:58","date_gmt":"2019-03-07T20:38:58","guid":{"rendered":"http:\/\/personalbiker.com.br\/lojapb\/?post_type=product&#038;p=2462"},"modified":"2019-10-01T12:35:36","modified_gmt":"2019-10-01T15:35:36","slug":"capacete-evolution-gremio-pro-tork","status":"publish","type":"product","link":"https:\/\/personalbiker.com.br\/lojapb\/produto\/capacete-evolution-gremio-pro-tork\/","title":{"rendered":"Capacete Evolution Gr\u00eamio  Pro Tork"},"content":{"rendered":"","protected":false},"excerpt":{"rendered":"<p>O capacete \u00e9 injetado em ABS e seu isopor interno conta com aletas para absor\u00e7\u00e3o e dissipa\u00e7\u00e3o de choque, oferecendo seguran\u00e7a aos mais fortes impactos. O estabilizador aerodin\u00e2mico \u00e9 um dos diferenciais, assim como as entradas de ar, o forro antial\u00e9rgico, o engate r\u00e1pido e a viseira em policarbonato, de 2mm de espessura. Tudo feito com mat\u00e9ria-prima de primeira qualidade. Design diferenciado, com as cores e escudo do time.<\/p>\n<p>&#8211; Entradas de ar que proporcionam ventila\u00e7\u00e3o controlada;<br \/>\n&#8211; Estabilizador aerodin\u00e2mico;<\/p>\n<p>Grafismo: Gr\u00eamio FBPA<br \/>\nCasco: Injetado em ABS natural<br \/>\nViseira: Dupla curvatura com 2mm de espessura<br \/>\nFecho: Engate R\u00e1pido<br \/>\nForro antial\u00e9rgico: Sim<\/p>\n<p>Marca: Pro Tork<br \/>\nConte\u00fado da embalagem: 1 Capacete<br \/>\nDimens\u00f5es aproximadas da embalagem : 28 x 28 x 36 cm<br \/>\nPeso aproximado da embalagem: 1,7 Kg<br \/>\nInforma\u00e7\u00f5es Adicionais: Capacete aprovado pelo INMETRO<\/p>\n<p>I. Imagem meramente ilustrativa.<\/p>\n","protected":false},"featured_media":2467,"template":"","meta":[],"product_brand":[],"product_cat":[25,52],"product_tag":[],"class_list":{"0":"post-2462","1":"product","2":"type-product","3":"status-publish","4":"has-post-thumbnail","6":"product_cat-capacetes","7":"product_cat-pro-tork","8":"pa_tamanho-75","10":"first","11":"outofstock","12":"shipping-taxable","13":"purchasable","14":"product-type-variable"},"_links":{"self":[{"href":"https:\/\/personalbiker.com.br\/lojapb\/wp-json\/wp\/v2\/product\/2462","targetHints":{"allow":["GET"]}}],"collection":[{"href":"https:\/\/personalbiker.com.br\/lojapb\/wp-json\/wp\/v2\/product"}],"about":[{"href":"https:\/\/personalbiker.com.br\/lojapb\/wp-json\/wp\/v2\/types\/product"}],"wp:featuredmedia":[{"embeddable":true,"href":"https:\/\/personalbiker.com.br\/lojapb\/wp-json\/wp\/v2\/media\/2467"}],"wp:attachment":[{"href":"https:\/\/personalbiker.com.br\/lojapb\/wp-json\/wp\/v2\/media?parent=2462"}],"wp:term":[{"taxonomy":"product_brand","embeddable":true,"href":"https:\/\/personalbiker.com.br\/lojapb\/wp-json\/wp\/v2\/product_brand?post=2462"},{"taxonomy":"product_cat","embeddable":true,"href":"https:\/\/personalbiker.com.br\/lojapb\/wp-json\/wp\/v2\/product_cat?post=2462"},{"taxonomy":"product_tag","embeddable":true,"href":"https:\/\/personalbiker.com.br\/lojapb\/wp-json\/wp\/v2\/product_tag?post=2462"}],"curies":[{"name":"wp","href":"https:\/\/api.w.org\/{rel}","templated":true}]}}

Capacete Evolution Grêmio  Pro Tork

<p>O capacete é injetado em ABS e seu isopor interno conta com aletas para absorção e dissipação de choque, oferecendo segurança aos mais fortes impactos. O estabilizador aerodinâmico é um dos diferenciais, assim como as entradas de ar, o forro antialérgico, o engate rápido e a viseira em policarbonato, de 2mm de espessura. Tudo feito com matéria-prima de primeira qualidade. Design diferenciado, com as cores e escudo do time.</p>
<p>&#8211; Entradas de ar que proporcionam ventilação controlada;<br />
&#8211; Estabilizador aerodinâmico;</p>
<p>Grafismo: Grêmio FBPA<br />
Casco: Injetado em ABS natural<br />
Viseira: Dupla curvatura com 2mm de espessura<br />
Fecho: Engate Rápido<br />
Forro antialérgico: Sim</p>
<p>Marca: Pro Tork<br />
Conteúdo da embalagem: 1 Capacete<br />
Dimensões aproximadas da embalagem : 28 x 28 x 36 cm<br />
Peso aproximado da embalagem: 1,7 Kg<br />
Informações Adicionais: Capacete aprovado pelo INMETRO</p>
<p>I. Imagem meramente ilustrativa.</p>
