{"id":2398,"date":"2019-03-07T13:32:19","date_gmt":"2019-03-07T16:32:19","guid":{"rendered":"http:\/\/personalbiker.com.br\/lojapb\/?post_type=product&#038;p=2398"},"modified":"2022-05-18T10:36:33","modified_gmt":"2022-05-18T13:36:33","slug":"capacete-liberty-three","status":"publish","type":"product","link":"https:\/\/personalbiker.com.br\/lojapb\/produto\/capacete-liberty-three\/","title":{"rendered":"Capacete Pro Tork New Liberty Three"},"content":{"rendered":"","protected":false},"excerpt":{"rendered":"<p style=\"font-size: 14.4px\">DESCRI\u00c7\u00c3O DO PRODUTO:<br \/>\n\u2022 Casco com novo design agressivo e moderno, injetado em ABS natural, resistente a alto impacto;<br \/>\n\u2022 Pala fixada com parafuso em a\u00e7o;<br \/>\n\u2022 Fecho microm\u00e9trico de engate r\u00e1pido;<br \/>\n\u2022 Forro confeccionado em nylon com espuma antial\u00e9rgica;<br \/>\n\u2022 Isopor interno com aletas para absor\u00e7\u00e3o e dissipa\u00e7\u00e3o de choque;<br \/>\n\u2022 Viseira em policarbonato com espessura de 2 mm de alto impacto;<br \/>\n\u2022 Adesivo em vinil pl\u00e1stico (resistente as a\u00e7\u00f5es do clima) com logomarca Pro Tork e New Liberty 3;<br \/>\n\u2022 Fabricante indica de 3 a 5 anos de uso; com o tempo, o capacete vai perdendo as caracter\u00edsticas de prote\u00e7\u00e3o;<\/p>\n<p style=\"font-size: 14.4px\">imagens meramente ilustrativas<\/p>\n","protected":false},"featured_media":10043,"template":"","meta":[],"product_brand":[],"product_cat":[52],"product_tag":[],"class_list":{"0":"post-2398","1":"product","2":"type-product","3":"status-publish","4":"has-post-thumbnail","6":"product_cat-pro-tork","7":"pa_cor-branco","8":"pa_cor-preto","9":"pa_cor-preto-fosco","10":"pa_cor-vermelho","11":"pa_tamanho-73","12":"pa_tamanho-74","13":"pa_tamanho-75","15":"first","16":"outofstock","17":"shipping-taxable","18":"purchasable","19":"product-type-variable"},"_links":{"self":[{"href":"https:\/\/personalbiker.com.br\/lojapb\/wp-json\/wp\/v2\/product\/2398","targetHints":{"allow":["GET"]}}],"collection":[{"href":"https:\/\/personalbiker.com.br\/lojapb\/wp-json\/wp\/v2\/product"}],"about":[{"href":"https:\/\/personalbiker.com.br\/lojapb\/wp-json\/wp\/v2\/types\/product"}],"wp:featuredmedia":[{"embeddable":true,"href":"https:\/\/personalbiker.com.br\/lojapb\/wp-json\/wp\/v2\/media\/10043"}],"wp:attachment":[{"href":"https:\/\/personalbiker.com.br\/lojapb\/wp-json\/wp\/v2\/media?parent=2398"}],"wp:term":[{"taxonomy":"product_brand","embeddable":true,"href":"https:\/\/personalbiker.com.br\/lojapb\/wp-json\/wp\/v2\/product_brand?post=2398"},{"taxonomy":"product_cat","embeddable":true,"href":"https:\/\/personalbiker.com.br\/lojapb\/wp-json\/wp\/v2\/product_cat?post=2398"},{"taxonomy":"product_tag","embeddable":true,"href":"https:\/\/personalbiker.com.br\/lojapb\/wp-json\/wp\/v2\/product_tag?post=2398"}],"curies":[{"name":"wp","href":"https:\/\/api.w.org\/{rel}","templated":true}]}}

<p style="font-size: 14.4px">DESCRIÇÃO DO PRODUTO:<br />
• Casco com novo design agressivo e moderno, injetado em ABS natural, resistente a alto impacto;<br />
• Pala fixada com parafuso em aço;<br />
• Fecho micrométrico de engate rápido;<br />
• Forro confeccionado em nylon com espuma antialérgica;<br />
• Isopor interno com aletas para absorção e dissipação de choque;<br />
• Viseira em policarbonato com espessura de 2 mm de alto impacto;<br />
• Adesivo em vinil plástico (resistente as ações do clima) com logomarca Pro Tork e New Liberty 3;<br />
• Fabricante indica de 3 a 5 anos de uso; com o tempo, o capacete vai perdendo as características de proteção;</p>
<p style="font-size: 14.4px">imagens meramente ilustrativas</p>
