{"id":2334,"date":"2019-03-01T11:30:32","date_gmt":"2019-03-01T14:30:32","guid":{"rendered":"http:\/\/personalbiker.com.br\/lojapb\/?post_type=product&#038;p=2334"},"modified":"2019-07-29T08:43:43","modified_gmt":"2019-07-29T11:43:43","slug":"capacete-bicicleta-atrio-bob-burnquist-es082","status":"publish","type":"product","link":"https:\/\/personalbiker.com.br\/lojapb\/produto\/capacete-bicicleta-atrio-bob-burnquist-es082\/","title":{"rendered":"Capacete Bicicleta Atrio BOB BURNQUIST ES082"},"content":{"rendered":"","protected":false},"excerpt":{"rendered":"<p>Caracter\u00edsticas:<br \/>\n&#8211; Produzido com materiais de alta qualidade, garantindo durabilidade ao produto e satisfa\u00e7\u00e3o ao usu\u00e1rio<br \/>\n&#8211; Forro remov\u00edvel<br \/>\n&#8211; Casco em EPS<br \/>\n&#8211; Entradas de ventila\u00e7\u00e3o<\/p>\n<p>Funcionalidade:<br \/>\n&#8211; ideal para a prote\u00e7\u00e3o da cabe\u00e7a na pr\u00e1tica de esportes radicais.<\/p>\n<p>Produto:<br \/>\n&#8211; Garante prote\u00e7\u00e3o e seguran\u00e7a ao usu\u00e1rio<br \/>\n&#8211; Ideal para todos os tipos de esportes radicais como skate, patins, entre outros<br \/>\n&#8211; O produto \u00e9 resistente e dur\u00e1vel, amortecendo a queda<br \/>\n&#8211; Ele conta com com design incr\u00edvel e sua cor preta torna o produto \u00fanico<br \/>\n&#8211; Brinque e pratique esportes sem preocupa\u00e7\u00f5es<\/p>\n<p>Especifica\u00e7\u00e3o T\u00e9cnica:<br \/>\n&#8211; Tamanho: G<br \/>\n&#8211; Cor: Preto<br \/>\n&#8211; Fabricante: Multilaser\/\u00c1trio<br \/>\n&#8211; Refer\u00eancia: Capacete bob burnquist<br \/>\n&#8211; Modelo: ES083<br \/>\n&#8211; G\u00eanero: Unissex<br \/>\n&#8211; Mat\u00e9rial: Pl\u00e1stico\/ Casco em ABS<br \/>\n&#8211; Esporte: Prote\u00e7\u00e3o individual<br \/>\n&#8211; Tipo de capacete: Coquinho<br \/>\n&#8211; Ajuste: fivela de engate<br \/>\n&#8211; Material do forro: Espuma<br \/>\n&#8211; Peso: 410g<\/p>\n<p>IMAGENS MERAMENTE ILUSTRATIVAS<\/p>\n","protected":false},"featured_media":2341,"template":"","meta":[],"product_brand":[],"product_cat":[25],"product_tag":[],"class_list":{"0":"post-2334","1":"product","2":"type-product","3":"status-publish","4":"has-post-thumbnail","6":"product_cat-capacetes","7":"pa_cor-preto","8":"pa_tamanho-g","10":"first","11":"outofstock","12":"shipping-taxable","13":"purchasable","14":"product-type-variable"},"_links":{"self":[{"href":"https:\/\/personalbiker.com.br\/lojapb\/wp-json\/wp\/v2\/product\/2334","targetHints":{"allow":["GET"]}}],"collection":[{"href":"https:\/\/personalbiker.com.br\/lojapb\/wp-json\/wp\/v2\/product"}],"about":[{"href":"https:\/\/personalbiker.com.br\/lojapb\/wp-json\/wp\/v2\/types\/product"}],"wp:featuredmedia":[{"embeddable":true,"href":"https:\/\/personalbiker.com.br\/lojapb\/wp-json\/wp\/v2\/media\/2341"}],"wp:attachment":[{"href":"https:\/\/personalbiker.com.br\/lojapb\/wp-json\/wp\/v2\/media?parent=2334"}],"wp:term":[{"taxonomy":"product_brand","embeddable":true,"href":"https:\/\/personalbiker.com.br\/lojapb\/wp-json\/wp\/v2\/product_brand?post=2334"},{"taxonomy":"product_cat","embeddable":true,"href":"https:\/\/personalbiker.com.br\/lojapb\/wp-json\/wp\/v2\/product_cat?post=2334"},{"taxonomy":"product_tag","embeddable":true,"href":"https:\/\/personalbiker.com.br\/lojapb\/wp-json\/wp\/v2\/product_tag?post=2334"}],"curies":[{"name":"wp","href":"https:\/\/api.w.org\/{rel}","templated":true}]}}

<p>Características:<br />
&#8211; Produzido com materiais de alta qualidade, garantindo durabilidade ao produto e satisfação ao usuário<br />
&#8211; Forro removível<br />
&#8211; Casco em EPS<br />
&#8211; Entradas de ventilação</p>
<p>Funcionalidade:<br />
&#8211; ideal para a proteção da cabeça na prática de esportes radicais.</p>
<p>Produto:<br />
&#8211; Garante proteção e segurança ao usuário<br />
&#8211; Ideal para todos os tipos de esportes radicais como skate, patins, entre outros<br />
&#8211; O produto é resistente e durável, amortecendo a queda<br />
&#8211; Ele conta com com design incrível e sua cor preta torna o produto único<br />
&#8211; Brinque e pratique esportes sem preocupações</p>
<p>Especificação Técnica:<br />
&#8211; Tamanho: G<br />
&#8211; Cor: Preto<br />
&#8211; Fabricante: Multilaser/Átrio<br />
&#8211; Referência: Capacete bob burnquist<br />
&#8211; Modelo: ES083<br />
&#8211; Gênero: Unissex<br />
&#8211; Matérial: Plástico/ Casco em ABS<br />
&#8211; Esporte: Proteção individual<br />
&#8211; Tipo de capacete: Coquinho<br />
&#8211; Ajuste: fivela de engate<br />
&#8211; Material do forro: Espuma<br />
&#8211; Peso: 410g</p>
<p>IMAGENS MERAMENTE ILUSTRATIVAS</p>
