{"id":2327,"date":"2019-03-01T11:12:06","date_gmt":"2019-03-01T14:12:06","guid":{"rendered":"http:\/\/personalbiker.com.br\/lojapb\/?post_type=product&#038;p=2327"},"modified":"2019-10-05T11:32:41","modified_gmt":"2019-10-05T14:32:41","slug":"capacete-bicicleta-atrio-mtb-bi003","status":"publish","type":"product","link":"https:\/\/personalbiker.com.br\/lojapb\/produto\/capacete-bicicleta-atrio-mtb-bi003\/","title":{"rendered":"Capacete Bicicleta Atrio MTB BI003"},"content":{"rendered":"","protected":false},"excerpt":{"rendered":"<p>Capacete Atrio MTB Preto G &#8211; BI003<br \/>\nTamanho: (58-62CM)<br \/>\nRevestimento interno remov\u00edvel e lav\u00e1vel<br \/>\n19 sa\u00eddas de ar para maior refrigera\u00e7\u00e3o<br \/>\nAba frontal destac\u00e1vel<br \/>\nAl\u00e7as ajust\u00e1veis<br \/>\nPeso L\u00edquido: G: 0,255kg<br \/>\nDimens\u00f5es: G: 30 x 21 x 14cm<\/p>\n<p>IMAGENS MERAMENTE ILUSTRATIVAS<\/p>\n","protected":false},"featured_media":2330,"template":"","meta":[],"product_brand":[],"product_cat":[15],"product_tag":[],"class_list":{"0":"post-2327","1":"product","2":"type-product","3":"status-publish","4":"has-post-thumbnail","6":"product_cat-sem-categoria","7":"pa_cor-preto","8":"pa_tamanho-g","10":"first","11":"outofstock","12":"shipping-taxable","13":"purchasable","14":"product-type-variable"},"_links":{"self":[{"href":"https:\/\/personalbiker.com.br\/lojapb\/wp-json\/wp\/v2\/product\/2327","targetHints":{"allow":["GET"]}}],"collection":[{"href":"https:\/\/personalbiker.com.br\/lojapb\/wp-json\/wp\/v2\/product"}],"about":[{"href":"https:\/\/personalbiker.com.br\/lojapb\/wp-json\/wp\/v2\/types\/product"}],"wp:featuredmedia":[{"embeddable":true,"href":"https:\/\/personalbiker.com.br\/lojapb\/wp-json\/wp\/v2\/media\/2330"}],"wp:attachment":[{"href":"https:\/\/personalbiker.com.br\/lojapb\/wp-json\/wp\/v2\/media?parent=2327"}],"wp:term":[{"taxonomy":"product_brand","embeddable":true,"href":"https:\/\/personalbiker.com.br\/lojapb\/wp-json\/wp\/v2\/product_brand?post=2327"},{"taxonomy":"product_cat","embeddable":true,"href":"https:\/\/personalbiker.com.br\/lojapb\/wp-json\/wp\/v2\/product_cat?post=2327"},{"taxonomy":"product_tag","embeddable":true,"href":"https:\/\/personalbiker.com.br\/lojapb\/wp-json\/wp\/v2\/product_tag?post=2327"}],"curies":[{"name":"wp","href":"https:\/\/api.w.org\/{rel}","templated":true}]}}

<p>Capacete Atrio MTB Preto G &#8211; BI003<br />
Tamanho: (58-62CM)<br />
Revestimento interno removível e lavável<br />
19 saídas de ar para maior refrigeração<br />
Aba frontal destacável<br />
Alças ajustáveis<br />
Peso Líquido: G: 0,255kg<br />
Dimensões: G: 30 x 21 x 14cm</p>
<p>IMAGENS MERAMENTE ILUSTRATIVAS</p>
