{"id":2237,"date":"2019-02-28T13:16:42","date_gmt":"2019-02-28T16:16:42","guid":{"rendered":"http:\/\/personalbiker.com.br\/lojapb\/?post_type=product&#038;p=2237"},"modified":"2023-10-10T09:33:28","modified_gmt":"2023-10-10T12:33:28","slug":"capacete-kraft-plus-historic-66","status":"publish","type":"product","link":"https:\/\/personalbiker.com.br\/lojapb\/produto\/capacete-kraft-plus-historic-66\/","title":{"rendered":"Capacete Kraft Plus Historic  66 Tam. 57 Preto\/Laranja"},"content":{"rendered":"","protected":false},"excerpt":{"rendered":"<p>Capacete Kraft Plus Hist\u00f3ric66 Black Fosco. &#8211; Certificado pelo INMETRO NBR 7471<\/p>\n<p>Pilote com Seguran\u00e7a e Estilo com o Capacete Kraft Plus Hist\u00f3ric66 Black Fosco.<\/p>\n<p>Seja no dia a dia, ou no lazer, a Seguran\u00e7a \u00e9 fundamental. Imagine poder aliar a isto, Estilo. Com o capacete Kraft Plus Hist\u00f3ric66 Black, voc\u00ea est\u00e1 protegido contra poss\u00edveis les\u00f5es causadas por impactos e ainda agrega o Estilo que s\u00f3 os produtos da Kraft t\u00eam.<\/p>\n<p>Capacete Kraft Plus Hist\u00f3ric66 Black Fosco \u2013 Prote\u00e7\u00e3o com Estilo!<\/p>\n<p>-Casco injetado em ABS;<\/p>\n<p>-Viseira simples &#8211; (A nova arma\u00e7\u00e3o da viseira \u00e9 na cor cristal);<\/p>\n<p>-Saia remov\u00edvel;<\/p>\n<p>-Viseira de 2mm injetada em policarbonato com tratamento anti-risco;<\/p>\n<p>-Parafuso lateral em alum\u00ednio;<\/p>\n<p>-Engate r\u00e1pido,<\/p>\n<p>-Tamanhos: 56 \u2013 57(veste 58) &#8211; 58(veste 60)<\/p>\n<p>-Certificado pelo INMETRO.<\/p>\n<p>INFORMA\u00c7\u00d5ES T\u00c9CNICAS<\/p>\n<p>Cor Predominante: Preto Fosco<\/p>\n<p>Conte\u00fado da Embalagem: 1 Capacete Kraft Plus Hist\u00f3ric66 Black Fosco<\/p>\n<p>Modelo: Plus Hist\u00f3ric66 Black Fosco<\/p>\n<p>Material: ABS Injetado<\/p>\n<p>Dimens\u00f5es do Produto (cm): (A)19; (L)24; C(29)<\/p>\n<p>G\u00eanero: Unisex<\/p>\n<p>Peso do Produto (Kg): 1,05<\/p>\n<p>Tipo do Produto: Capacete de Motociclismo<\/p>\n<p>Composi\u00e7\u00e3o do Material Interno: Ber\u00e7o em EPS, Espuma, Tecido de conforto antial\u00e9rgico<\/p>\n<p>Garantia do Fabricante: 1 ano contra defeitos de fabrica\u00e7\u00e3o<\/p>\n<p>Esporte: Motociclismo<\/p>\n<p>imagens meramente ilustrativas<\/p>\n<p>&nbsp;<\/p>\n","protected":false},"featured_media":2243,"template":"","meta":[],"product_brand":[],"product_cat":[25,55],"product_tag":[],"class_list":{"0":"post-2237","1":"product","2":"type-product","3":"status-publish","4":"has-post-thumbnail","6":"product_cat-capacetes","7":"product_cat-kraft","8":"pa_cor-preto-fosco","9":"pa_tamanho-73","10":"pa_tamanho-78","11":"pa_tamanho-74","13":"first","14":"outofstock","15":"shipping-taxable","16":"purchasable","17":"product-type-variable"},"_links":{"self":[{"href":"https:\/\/personalbiker.com.br\/lojapb\/wp-json\/wp\/v2\/product\/2237","targetHints":{"allow":["GET"]}}],"collection":[{"href":"https:\/\/personalbiker.com.br\/lojapb\/wp-json\/wp\/v2\/product"}],"about":[{"href":"https:\/\/personalbiker.com.br\/lojapb\/wp-json\/wp\/v2\/types\/product"}],"wp:featuredmedia":[{"embeddable":true,"href":"https:\/\/personalbiker.com.br\/lojapb\/wp-json\/wp\/v2\/media\/2243"}],"wp:attachment":[{"href":"https:\/\/personalbiker.com.br\/lojapb\/wp-json\/wp\/v2\/media?parent=2237"}],"wp:term":[{"taxonomy":"product_brand","embeddable":true,"href":"https:\/\/personalbiker.com.br\/lojapb\/wp-json\/wp\/v2\/product_brand?post=2237"},{"taxonomy":"product_cat","embeddable":true,"href":"https:\/\/personalbiker.com.br\/lojapb\/wp-json\/wp\/v2\/product_cat?post=2237"},{"taxonomy":"product_tag","embeddable":true,"href":"https:\/\/personalbiker.com.br\/lojapb\/wp-json\/wp\/v2\/product_tag?post=2237"}],"curies":[{"name":"wp","href":"https:\/\/api.w.org\/{rel}","templated":true}]}}

<p>Capacete Kraft Plus Históric66 Black Fosco. &#8211; Certificado pelo INMETRO NBR 7471</p>
<p>Pilote com Segurança e Estilo com o Capacete Kraft Plus Históric66 Black Fosco.</p>
<p>Seja no dia a dia, ou no lazer, a Segurança é fundamental. Imagine poder aliar a isto, Estilo. Com o capacete Kraft Plus Históric66 Black, você está protegido contra possíveis lesões causadas por impactos e ainda agrega o Estilo que só os produtos da Kraft têm.</p>
<p>Capacete Kraft Plus Históric66 Black Fosco – Proteção com Estilo!</p>
<p>-Casco injetado em ABS;</p>
<p>-Viseira simples &#8211; (A nova armação da viseira é na cor cristal);</p>
<p>-Saia removível;</p>
<p>-Viseira de 2mm injetada em policarbonato com tratamento anti-risco;</p>
<p>-Parafuso lateral em alumínio;</p>
<p>-Engate rápido,</p>
<p>-Tamanhos: 56 – 57(veste 58) &#8211; 58(veste 60)</p>
<p>-Certificado pelo INMETRO.</p>
<p>INFORMAÇÕES TÉCNICAS</p>
<p>Cor Predominante: Preto Fosco</p>
<p>Conteúdo da Embalagem: 1 Capacete Kraft Plus Históric66 Black Fosco</p>
<p>Modelo: Plus Históric66 Black Fosco</p>
<p>Material: ABS Injetado</p>
<p>Dimensões do Produto (cm): (A)19; (L)24; C(29)</p>
<p>Gênero: Unisex</p>
<p>Peso do Produto (Kg): 1,05</p>
<p>Tipo do Produto: Capacete de Motociclismo</p>
<p>Composição do Material Interno: Berço em EPS, Espuma, Tecido de conforto antialérgico</p>
<p>Garantia do Fabricante: 1 ano contra defeitos de fabricação</p>
<p>Esporte: Motociclismo</p>
<p>imagens meramente ilustrativas</p>
<p>&nbsp;</p>
