{"id":2194,"date":"2019-02-26T17:05:42","date_gmt":"2019-02-26T20:05:42","guid":{"rendered":"http:\/\/personalbiker.com.br\/lojapb\/?post_type=product&#038;p=2194"},"modified":"2022-08-15T13:23:50","modified_gmt":"2022-08-15T16:23:50","slug":"base-45l-bau-45l-pro-tork-09a","status":"publish","type":"product","link":"https:\/\/personalbiker.com.br\/lojapb\/produto\/base-45l-bau-45l-pro-tork-09a\/","title":{"rendered":"BASE 45L BAU 45L PRO TORK 09A"},"content":{"rendered":"<p>Base para Suporte<\/p>\n<p>\u2022 Instalado junto ao bagageiro original da motocicleta e tem como principal fun\u00e7\u00e3o fixar o Ba\u00fa de 45 L;<br \/>\n\u2022 Feito em A\u00e7o Carbono;<br \/>\n\u2022 F\u00e1cil instala\u00e7\u00e3o;<br \/>\n\u2022 Pintura em Preto Ep\u00f3xi;<br \/>\n\u2022 Acompanha parafusos;<br \/>\n\u2022 Sem necessidade de nenhuma adapta\u00e7\u00e3o na moto;<br \/>\n\u2022 Fabricante: Pro Tork.<\/p>\n<p>Acompanha parafusos e base para fixa\u00e7\u00e3o;<br \/>\n&#8211; Fabricante: Pro Tork;<\/p>\n<p>IMAGENS MERAMENTE ILUSTRATIVAS<\/p>\n","protected":false},"excerpt":{"rendered":"<p>Base para Suporte \u2022 Instalado junto ao bagageiro original da motocicleta e tem como principal fun\u00e7\u00e3o fixar o Ba\u00fa de 45 L; \u2022 Feito em A\u00e7o Carbono; \u2022 F\u00e1cil instala\u00e7\u00e3o; \u2022 Pintura em Preto Ep\u00f3xi; \u2022 Acompanha parafusos; \u2022 Sem necessidade de nenhuma adapta\u00e7\u00e3o na moto; \u2022 Fabricante: Pro Tork. Acompanha parafusos e base para [&#8230;]\n","protected":false},"featured_media":3404,"template":"","meta":[],"product_brand":[],"product_cat":[177],"product_tag":[],"class_list":{"0":"post-2194","1":"product","2":"type-product","3":"status-publish","4":"has-post-thumbnail","6":"product_cat-acessorios-p-baus","8":"first","9":"instock","10":"shipping-taxable","11":"purchasable","12":"product-type-simple"},"_links":{"self":[{"href":"https:\/\/personalbiker.com.br\/lojapb\/wp-json\/wp\/v2\/product\/2194","targetHints":{"allow":["GET"]}}],"collection":[{"href":"https:\/\/personalbiker.com.br\/lojapb\/wp-json\/wp\/v2\/product"}],"about":[{"href":"https:\/\/personalbiker.com.br\/lojapb\/wp-json\/wp\/v2\/types\/product"}],"wp:featuredmedia":[{"embeddable":true,"href":"https:\/\/personalbiker.com.br\/lojapb\/wp-json\/wp\/v2\/media\/3404"}],"wp:attachment":[{"href":"https:\/\/personalbiker.com.br\/lojapb\/wp-json\/wp\/v2\/media?parent=2194"}],"wp:term":[{"taxonomy":"product_brand","embeddable":true,"href":"https:\/\/personalbiker.com.br\/lojapb\/wp-json\/wp\/v2\/product_brand?post=2194"},{"taxonomy":"product_cat","embeddable":true,"href":"https:\/\/personalbiker.com.br\/lojapb\/wp-json\/wp\/v2\/product_cat?post=2194"},{"taxonomy":"product_tag","embeddable":true,"href":"https:\/\/personalbiker.com.br\/lojapb\/wp-json\/wp\/v2\/product_tag?post=2194"}],"curies":[{"name":"wp","href":"https:\/\/api.w.org\/{rel}","templated":true}]}}