{"id":2066,"date":"2019-02-25T15:02:16","date_gmt":"2019-02-25T18:02:16","guid":{"rendered":"http:\/\/personalbiker.com.br\/lojapb\/?post_type=product&#038;p=2066"},"modified":"2022-09-16T08:00:29","modified_gmt":"2022-09-16T11:00:29","slug":"bau-34l-proos-azul-ou-preto-brilhante","status":"publish","type":"product","link":"https:\/\/personalbiker.com.br\/lojapb\/produto\/bau-34l-proos-azul-ou-preto-brilhante\/","title":{"rendered":"BAU 34L PROOS AZUL OU PRETO BRILHANTE"},"content":{"rendered":"","protected":false},"excerpt":{"rendered":"<p>Bauleto Proos 34 litros<\/p>\n<p>Acompanha base e parafusos para instala\u00e7\u00e3o<\/p>\n<p>BAULETO 34 LITROS UNIVERSAL PROOS PRETO E AZUL<\/p>\n<p>Principais caracter\u00edsticas:<\/p>\n<p>&#8211; Dimens\u00e3o: 44cm largura x 41cm profundidade x 31cm altura;<\/p>\n<p>&#8211; Acompanha kit parafusos e base para a fixa\u00e7\u00e3o do ba\u00fa;<\/p>\n<p>&#8211; Carca\u00e7a altamente refor\u00e7ada em polipropileno;<\/p>\n<p>&#8211; Injetado em mat\u00e9ria prima PP polipropileno;<\/p>\n<p>&#8211; Capacidade: 34 litros de espa\u00e7o interno;<\/p>\n<p>&#8211; Peso m\u00e1ximo: 3 quilos de carga interna;<\/p>\n<p>&#8211; Dispon\u00edvel na cor: preto e azul;<\/p>\n<p>&#8211; Lente com defletor traseiro;<\/p>\n<p>&#8211; Fechadura com 2 chaves;<\/p>\n<p>&#8211; Produto 100% nacional;<\/p>\n<p>&#8211; Fabricante: PROOS;<\/p>\n<p>imagens meramente ilustrativas<\/p>\n","protected":false},"featured_media":2077,"template":"","meta":[],"product_brand":[],"product_cat":[39],"product_tag":[],"class_list":{"0":"post-2066","1":"product","2":"type-product","3":"status-publish","4":"has-post-thumbnail","6":"product_cat-baus-bauletos","7":"pa_cor-azul-preto","8":"pa_cor-preto-brilhante","10":"first","11":"outofstock","12":"shipping-taxable","13":"product-type-simple"},"_links":{"self":[{"href":"https:\/\/personalbiker.com.br\/lojapb\/wp-json\/wp\/v2\/product\/2066","targetHints":{"allow":["GET"]}}],"collection":[{"href":"https:\/\/personalbiker.com.br\/lojapb\/wp-json\/wp\/v2\/product"}],"about":[{"href":"https:\/\/personalbiker.com.br\/lojapb\/wp-json\/wp\/v2\/types\/product"}],"wp:featuredmedia":[{"embeddable":true,"href":"https:\/\/personalbiker.com.br\/lojapb\/wp-json\/wp\/v2\/media\/2077"}],"wp:attachment":[{"href":"https:\/\/personalbiker.com.br\/lojapb\/wp-json\/wp\/v2\/media?parent=2066"}],"wp:term":[{"taxonomy":"product_brand","embeddable":true,"href":"https:\/\/personalbiker.com.br\/lojapb\/wp-json\/wp\/v2\/product_brand?post=2066"},{"taxonomy":"product_cat","embeddable":true,"href":"https:\/\/personalbiker.com.br\/lojapb\/wp-json\/wp\/v2\/product_cat?post=2066"},{"taxonomy":"product_tag","embeddable":true,"href":"https:\/\/personalbiker.com.br\/lojapb\/wp-json\/wp\/v2\/product_tag?post=2066"}],"curies":[{"name":"wp","href":"https:\/\/api.w.org\/{rel}","templated":true}]}}