{"id":1962,"date":"2019-02-22T17:35:37","date_gmt":"2019-02-22T20:35:37","guid":{"rendered":"http:\/\/personalbiker.com.br\/lojapb\/?post_type=product&#038;p=1962"},"modified":"2020-12-14T14:45:54","modified_gmt":"2020-12-14T17:45:54","slug":"capacete-zeus-813-matt-big-logo","status":"publish","type":"product","link":"https:\/\/personalbiker.com.br\/lojapb\/produto\/capacete-zeus-813-matt-big-logo\/","title":{"rendered":"Capacete Zeus 813 Matt Big Logo"},"content":{"rendered":"","protected":false},"excerpt":{"rendered":"<p>&nbsp;<\/p>\n<p>Capacete Zeus 813 Preto Big logo<br \/>\nCAPACETE ZEUS 813 (C\/ VISEIRA SOLAR) PRETO FOSCO<br \/>\nA nova linha da Zeus oferece ao motociclista in\u00fameras vantagens pois os novos modelos diferencia pela qualidade tecnol\u00f3gica sem abrir m\u00e3o da beleza.O Zeus 813 tem uma grande variedade de grafismos e combina\u00e7\u00f5es de cores, extremamente modernos e com um design inovador, possui casco leve e viseira solar interna. Al\u00e9m disso, a qualidade do produto \u00e9 excelente, incluindo forro, que \u00e9 confort\u00e1vel e remov\u00edvel e tamb\u00e9m o novo sistema de aerof\u00f3lio testado em t\u00fanel de vento que proporciona ao piloto mais estabilidade.<\/p>\n<p>A viseira solar \u00e9 operada com um bot\u00e3o externo f\u00e1cil de manusear, podendo abrir ou fechar a viseira com uma das m\u00e3os. Al\u00e9m da narigueira que mudou para melhor! Mais esportiva e com novo design.<\/p>\n<p>Uma novidade que a linha \u00e9 o aerof\u00f3lio, testado em t\u00fanel de vento. O novo designer do 813 proporciona ao piloto mais estabilidade e confian\u00e7a na hora da pilotagem, com isso o capacete se destaca sendo uma novidade<\/p>\n<p>O Zeus 813 \u00e9 um capacete extremamente diferenciado e o \u00fanico da categoria que apresenta tantas inova\u00e7\u00f5es! Compare e compre!<\/p>\n<p>Caracter\u00edsticas:<\/p>\n<p>\u2013 Casco aerodin\u00e2mico em resina termopl\u00e1stica injetada;<br \/>\n\u2013 Grafismos especiais;<br \/>\n\u2013 Viseira de 2mm em policarbonato de alta resist\u00eancia com tratamento antirriscos;<br \/>\n\u2013 Viseira de f\u00e1cil remo\u00e7\u00e3o;<br \/>\n\u2013 Ventila\u00e7\u00e3o multiponto com condutores superiores e inferiores;<br \/>\n\u2013 Engate r\u00e1pido na cinta jugular, para um fechamento pr\u00e1tico e r\u00e1pido;<br \/>\n\u2013 Tecido interior antial\u00e9rgico, t\u00e9rmico e remov\u00edvel;<\/p>\n<p>imagens meramente ilustrativas<\/p>\n","protected":false},"featured_media":6175,"template":"","meta":[],"product_brand":[],"product_cat":[25,50],"product_tag":[],"class_list":{"0":"post-1962","1":"product","2":"type-product","3":"status-publish","4":"has-post-thumbnail","6":"product_cat-capacetes","7":"product_cat-zeus","8":"pa_cor-preto","9":"pa_tamanho-60-l","10":"pa_tamanho-62-xl","11":"pa_tamanho-m58","13":"first","14":"outofstock","15":"shipping-taxable","16":"purchasable","17":"product-type-variable"},"_links":{"self":[{"href":"https:\/\/personalbiker.com.br\/lojapb\/wp-json\/wp\/v2\/product\/1962","targetHints":{"allow":["GET"]}}],"collection":[{"href":"https:\/\/personalbiker.com.br\/lojapb\/wp-json\/wp\/v2\/product"}],"about":[{"href":"https:\/\/personalbiker.com.br\/lojapb\/wp-json\/wp\/v2\/types\/product"}],"wp:featuredmedia":[{"embeddable":true,"href":"https:\/\/personalbiker.com.br\/lojapb\/wp-json\/wp\/v2\/media\/6175"}],"wp:attachment":[{"href":"https:\/\/personalbiker.com.br\/lojapb\/wp-json\/wp\/v2\/media?parent=1962"}],"wp:term":[{"taxonomy":"product_brand","embeddable":true,"href":"https:\/\/personalbiker.com.br\/lojapb\/wp-json\/wp\/v2\/product_brand?post=1962"},{"taxonomy":"product_cat","embeddable":true,"href":"https:\/\/personalbiker.com.br\/lojapb\/wp-json\/wp\/v2\/product_cat?post=1962"},{"taxonomy":"product_tag","embeddable":true,"href":"https:\/\/personalbiker.com.br\/lojapb\/wp-json\/wp\/v2\/product_tag?post=1962"}],"curies":[{"name":"wp","href":"https:\/\/api.w.org\/{rel}","templated":true}]}}

<p>&nbsp;</p>
<p>Capacete Zeus 813 Preto Big logo<br />
CAPACETE ZEUS 813 (C/ VISEIRA SOLAR) PRETO FOSCO<br />
A nova linha da Zeus oferece ao motociclista inúmeras vantagens pois os novos modelos diferencia pela qualidade tecnológica sem abrir mão da beleza.O Zeus 813 tem uma grande variedade de grafismos e combinações de cores, extremamente modernos e com um design inovador, possui casco leve e viseira solar interna. Além disso, a qualidade do produto é excelente, incluindo forro, que é confortável e removível e também o novo sistema de aerofólio testado em túnel de vento que proporciona ao piloto mais estabilidade.</p>
<p>A viseira solar é operada com um botão externo fácil de manusear, podendo abrir ou fechar a viseira com uma das mãos. Além da narigueira que mudou para melhor! Mais esportiva e com novo design.</p>
<p>Uma novidade que a linha é o aerofólio, testado em túnel de vento. O novo designer do 813 proporciona ao piloto mais estabilidade e confiança na hora da pilotagem, com isso o capacete se destaca sendo uma novidade</p>
<p>O Zeus 813 é um capacete extremamente diferenciado e o único da categoria que apresenta tantas inovações! Compare e compre!</p>
<p>Características:</p>
<p>– Casco aerodinâmico em resina termoplástica injetada;<br />
– Grafismos especiais;<br />
– Viseira de 2mm em policarbonato de alta resistência com tratamento antirriscos;<br />
– Viseira de fácil remoção;<br />
– Ventilação multiponto com condutores superiores e inferiores;<br />
– Engate rápido na cinta jugular, para um fechamento prático e rápido;<br />
– Tecido interior antialérgico, térmico e removível;</p>
<p>imagens meramente ilustrativas</p>
