{"id":1955,"date":"2019-02-22T17:17:32","date_gmt":"2019-02-22T20:17:32","guid":{"rendered":"http:\/\/personalbiker.com.br\/lojapb\/?post_type=product&#038;p=1955"},"modified":"2021-01-14T09:27:21","modified_gmt":"2021-01-14T12:27:21","slug":"capacete-zeus-811-fluor-an9","status":"publish","type":"product","link":"https:\/\/personalbiker.com.br\/lojapb\/produto\/capacete-zeus-811-fluor-an9\/","title":{"rendered":"Capacete Zeus 813 Fluor AN9"},"content":{"rendered":"","protected":false},"excerpt":{"rendered":"<p>A nova linha 2017 da Zeus oferece ao motociclista in\u00fameras vantagens pois os novos modelos diferencia pela qualidade tecnol\u00f3gica sem abrir m\u00e3o da beleza. O Zeus 811 tem uma grande variedade de grafismos e combina\u00e7\u00f5es de cores, extremamente modernos e com um design inovador, possui casco leve e consegue trazer seguran\u00e7a ao motociclista.<br \/>\nAl\u00e9m disso a qualidade do produto \u00e9 excelente, incluindo forro, que \u00e9 confort\u00e1vel e remov\u00edvel e seu casco aerodin\u00e2mico que proporciona uma melhor estabilidade.<\/p>\n<p>O novo Zeus 811 EVO \u00e9 a escolha perfeita para aqueles que buscam um capacete de alta qualidade com design atraente. O modelo 811 Evo \u00e9 uma evolu\u00e7\u00e3o dos capacete full face. tem uma grande variedade de grafismos e combina\u00e7\u00f5es de cores, extremamente modernos e com um design inovador, possui casco leve e aerodin\u00e2mico. Capacete testado em t\u00fanel de vento para melhor aerodin\u00e2mica.<\/p>\n<p>Caracter\u00edsticas:<\/p>\n<p>&#8211; Casco feito em resina termopl\u00e1stica injetada;<\/p>\n<p>&#8211; Absor\u00e7\u00e3o interna de choques multi-elementos com aletas de choque para melhor absor\u00e7\u00e3o de impacto;<\/p>\n<p>&#8211; Entradas de ar com controle de abertura;<\/p>\n<p>&#8211; \u00d3tima qualidade no acabamento;<\/p>\n<p>&#8211; Design moderno e aerodin\u00e2mico;<\/p>\n<p>&#8211; 03 Entradas de ar frontais e 2 sa\u00eddas de ar traseiras, que criam uma \u00f3tima ventila\u00e7\u00e3o interna;<\/p>\n<p>&#8211; Forro extremamente confort\u00e1vel, al\u00e9m de ser remov\u00edvel e lav\u00e1vel;<\/p>\n<p>&#8211; Viseira em policarbonato de 2,2 mm, com prote\u00e7\u00e3o anti-risco e UV que protege contra os raios ultravioleta;<\/p>\n<p>&#8211; Sistema de troca r\u00e1pida da viseira sem precisar utilizar ferramentas;<\/p>\n<p>&#8211; Cinta jugular com engate microm\u00e9trico para maior praticidade, conforto e seguran\u00e7a;<\/p>\n<p>&#8211; Narigueira, auxilia na redu\u00e7\u00e3o do emba\u00e7amento da viseira, evitando que o ar quente da respira\u00e7\u00e3o se choque diretamente na viseira;<\/p>\n<p>&#8211; Bavete, indispens\u00e1vel na redu\u00e7\u00e3o do vento interno, proporciona maior conforto.<\/p>\n<p>imagens meramente ilustrativas<\/p>\n<p>&nbsp;<\/p>\n","protected":false},"featured_media":6179,"template":"","meta":[],"product_brand":[],"product_cat":[25,50],"product_tag":[],"class_list":{"0":"post-1955","1":"product","2":"type-product","3":"status-publish","4":"has-post-thumbnail","6":"product_cat-capacetes","7":"product_cat-zeus","8":"pa_cor-laranja-preto","9":"pa_tamanho-60-l","11":"first","12":"outofstock","13":"shipping-taxable","14":"purchasable","15":"product-type-variable"},"_links":{"self":[{"href":"https:\/\/personalbiker.com.br\/lojapb\/wp-json\/wp\/v2\/product\/1955","targetHints":{"allow":["GET"]}}],"collection":[{"href":"https:\/\/personalbiker.com.br\/lojapb\/wp-json\/wp\/v2\/product"}],"about":[{"href":"https:\/\/personalbiker.com.br\/lojapb\/wp-json\/wp\/v2\/types\/product"}],"wp:featuredmedia":[{"embeddable":true,"href":"https:\/\/personalbiker.com.br\/lojapb\/wp-json\/wp\/v2\/media\/6179"}],"wp:attachment":[{"href":"https:\/\/personalbiker.com.br\/lojapb\/wp-json\/wp\/v2\/media?parent=1955"}],"wp:term":[{"taxonomy":"product_brand","embeddable":true,"href":"https:\/\/personalbiker.com.br\/lojapb\/wp-json\/wp\/v2\/product_brand?post=1955"},{"taxonomy":"product_cat","embeddable":true,"href":"https:\/\/personalbiker.com.br\/lojapb\/wp-json\/wp\/v2\/product_cat?post=1955"},{"taxonomy":"product_tag","embeddable":true,"href":"https:\/\/personalbiker.com.br\/lojapb\/wp-json\/wp\/v2\/product_tag?post=1955"}],"curies":[{"name":"wp","href":"https:\/\/api.w.org\/{rel}","templated":true}]}}

<p>A nova linha 2017 da Zeus oferece ao motociclista inúmeras vantagens pois os novos modelos diferencia pela qualidade tecnológica sem abrir mão da beleza. O Zeus 811 tem uma grande variedade de grafismos e combinações de cores, extremamente modernos e com um design inovador, possui casco leve e consegue trazer segurança ao motociclista.<br />
Além disso a qualidade do produto é excelente, incluindo forro, que é confortável e removível e seu casco aerodinâmico que proporciona uma melhor estabilidade.</p>
<p>O novo Zeus 811 EVO é a escolha perfeita para aqueles que buscam um capacete de alta qualidade com design atraente. O modelo 811 Evo é uma evolução dos capacete full face. tem uma grande variedade de grafismos e combinações de cores, extremamente modernos e com um design inovador, possui casco leve e aerodinâmico. Capacete testado em túnel de vento para melhor aerodinâmica.</p>
<p>Características:</p>
<p>&#8211; Casco feito em resina termoplástica injetada;</p>
<p>&#8211; Absorção interna de choques multi-elementos com aletas de choque para melhor absorção de impacto;</p>
<p>&#8211; Entradas de ar com controle de abertura;</p>
<p>&#8211; Ótima qualidade no acabamento;</p>
<p>&#8211; Design moderno e aerodinâmico;</p>
<p>&#8211; 03 Entradas de ar frontais e 2 saídas de ar traseiras, que criam uma ótima ventilação interna;</p>
<p>&#8211; Forro extremamente confortável, além de ser removível e lavável;</p>
<p>&#8211; Viseira em policarbonato de 2,2 mm, com proteção anti-risco e UV que protege contra os raios ultravioleta;</p>
<p>&#8211; Sistema de troca rápida da viseira sem precisar utilizar ferramentas;</p>
<p>&#8211; Cinta jugular com engate micrométrico para maior praticidade, conforto e segurança;</p>
<p>&#8211; Narigueira, auxilia na redução do embaçamento da viseira, evitando que o ar quente da respiração se choque diretamente na viseira;</p>
<p>&#8211; Bavete, indispensável na redução do vento interno, proporciona maior conforto.</p>
<p>imagens meramente ilustrativas</p>
<p>&nbsp;</p>
