{"id":1935,"date":"2019-02-22T15:24:25","date_gmt":"2019-02-22T18:24:25","guid":{"rendered":"http:\/\/personalbiker.com.br\/lojapb\/?post_type=product&#038;p=1935"},"modified":"2019-07-22T11:42:46","modified_gmt":"2019-07-22T14:42:46","slug":"capacete-zeus-811-solid-al6-feminino","status":"publish","type":"product","link":"https:\/\/personalbiker.com.br\/lojapb\/produto\/capacete-zeus-811-solid-al6-feminino\/","title":{"rendered":"Capacete Zeus 811 Solid AL6 Feminino"},"content":{"rendered":"","protected":false},"excerpt":{"rendered":"<p><strong>Caracter\u00edsticas:<\/strong><\/p>\n<ul>\n<li>Casco feito em resina termopl\u00e1stica injetada;<\/li>\n<li>Absor\u00e7\u00e3o interna de choques multi-elementos com aletas de choque para melhor absor\u00e7\u00e3o de impacto;<\/li>\n<li>Entradas de ar com controle de abertura;<\/li>\n<li>\u00d3tima qualidade no acabamento;<\/li>\n<li>Design moderno e aerodin\u00e2mico;<\/li>\n<li>03 Entradas de ar frontais e 2 sa\u00eddas de ar traseiras, que criam uma \u00f3tima ventila\u00e7\u00e3o interna;<\/li>\n<li>Forro extremamente confort\u00e1vel, al\u00e9m de ser remov\u00edvel e lav\u00e1vel;<\/li>\n<li>Viseira em policarbonato de 2,2 mm, com prote\u00e7\u00e3o anti-risco e UV que protege contra os raios ultravioleta;<\/li>\n<li>Sistema de troca r\u00e1pida da viseira sem precisar utilizar ferramentas;<\/li>\n<li>Cinta jugular com engate microm\u00e9trico para maior praticidade, conforto e seguran\u00e7a;<\/li>\n<li>Narigueira, auxilia na redu\u00e7\u00e3o do emba\u00e7amento da viseira, evitando que o ar quente da respira\u00e7\u00e3o se choque diretamente na viseira;<\/li>\n<li>Bavete, indispens\u00e1vel na redu\u00e7\u00e3o do vento interno, proporciona maior conforto<\/li>\n<li>.imagens meramente ilustrativas<\/li>\n<\/ul>\n","protected":false},"featured_media":1938,"template":"","meta":[],"product_brand":[],"product_cat":[25,50],"product_tag":[],"class_list":{"0":"post-1935","1":"product","2":"type-product","3":"status-publish","4":"has-post-thumbnail","6":"product_cat-capacetes","7":"product_cat-zeus","8":"pa_cor-preto-rosa","9":"pa_tamanho-58m","11":"first","12":"outofstock","13":"shipping-taxable","14":"purchasable","15":"product-type-variable"},"_links":{"self":[{"href":"https:\/\/personalbiker.com.br\/lojapb\/wp-json\/wp\/v2\/product\/1935","targetHints":{"allow":["GET"]}}],"collection":[{"href":"https:\/\/personalbiker.com.br\/lojapb\/wp-json\/wp\/v2\/product"}],"about":[{"href":"https:\/\/personalbiker.com.br\/lojapb\/wp-json\/wp\/v2\/types\/product"}],"wp:featuredmedia":[{"embeddable":true,"href":"https:\/\/personalbiker.com.br\/lojapb\/wp-json\/wp\/v2\/media\/1938"}],"wp:attachment":[{"href":"https:\/\/personalbiker.com.br\/lojapb\/wp-json\/wp\/v2\/media?parent=1935"}],"wp:term":[{"taxonomy":"product_brand","embeddable":true,"href":"https:\/\/personalbiker.com.br\/lojapb\/wp-json\/wp\/v2\/product_brand?post=1935"},{"taxonomy":"product_cat","embeddable":true,"href":"https:\/\/personalbiker.com.br\/lojapb\/wp-json\/wp\/v2\/product_cat?post=1935"},{"taxonomy":"product_tag","embeddable":true,"href":"https:\/\/personalbiker.com.br\/lojapb\/wp-json\/wp\/v2\/product_tag?post=1935"}],"curies":[{"name":"wp","href":"https:\/\/api.w.org\/{rel}","templated":true}]}}

<p><strong>Características:</strong></p>
<ul>
<li>Casco feito em resina termoplástica injetada;</li>
<li>Absorção interna de choques multi-elementos com aletas de choque para melhor absorção de impacto;</li>
<li>Entradas de ar com controle de abertura;</li>
<li>Ótima qualidade no acabamento;</li>
<li>Design moderno e aerodinâmico;</li>
<li>03 Entradas de ar frontais e 2 saídas de ar traseiras, que criam uma ótima ventilação interna;</li>
<li>Forro extremamente confortável, além de ser removível e lavável;</li>
<li>Viseira em policarbonato de 2,2 mm, com proteção anti-risco e UV que protege contra os raios ultravioleta;</li>
<li>Sistema de troca rápida da viseira sem precisar utilizar ferramentas;</li>
<li>Cinta jugular com engate micrométrico para maior praticidade, conforto e segurança;</li>
<li>Narigueira, auxilia na redução do embaçamento da viseira, evitando que o ar quente da respiração se choque diretamente na viseira;</li>
<li>Bavete, indispensável na redução do vento interno, proporciona maior conforto</li>
<li>.imagens meramente ilustrativas</li>
</ul>
