{"id":1930,"date":"2019-02-22T15:10:42","date_gmt":"2019-02-22T18:10:42","guid":{"rendered":"http:\/\/personalbiker.com.br\/lojapb\/?post_type=product&#038;p=1930"},"modified":"2019-07-22T11:44:11","modified_gmt":"2019-07-22T14:44:11","slug":"capacete-zeus-811-solid-al8","status":"publish","type":"product","link":"https:\/\/personalbiker.com.br\/lojapb\/produto\/capacete-zeus-811-solid-al8\/","title":{"rendered":"Capacete Zeus 811 Solid AL8"},"content":{"rendered":"","protected":false},"excerpt":{"rendered":"<p>Caracterisiticas:;<\/p>\n<p>&#8211; Casco feito em resina termopl\u00e1stica injetada;<br \/>\n&#8211; Absor\u00e7\u00e3o interna de choques multi-elementos com aletas de choque para melhor absor\u00e7\u00e3o de impacto;<br \/>\n&#8211; Entradas de ar com controle de abertura;<br \/>\n&#8211; \u00d3tima qualidade no acabamento;<br \/>\n&#8211; Design moderno e aerodin\u00e2mico;<br \/>\n&#8211; 03 Entradas de ar frontais e 2 sa\u00eddas de ar traseiras, que criam uma \u00f3tima ventila\u00e7\u00e3o interna;<br \/>\n&#8211; Forro extremamente confort\u00e1vel, al\u00e9m de ser remov\u00edvel e lav\u00e1vel;<br \/>\n&#8211; Viseira em policarbonato de 2,2 mm, com prote\u00e7\u00e3o anti-risco e UV que protege contra os raios ultravioleta;<br \/>\n&#8211; Sistema de troca r\u00e1pida da viseira sem precisar utilizar ferramentas;<br \/>\n&#8211; Cinta jugular com engate microm\u00e9trico para maior praticidade, conforto e seguran\u00e7a;<br \/>\n&#8211; Narigueira, auxilia na redu\u00e7\u00e3o do emba\u00e7amento da viseira, evitando que o ar quente da respira\u00e7\u00e3o se choque diretamente na viseira;<br \/>\n&#8211; Bavete, indispens\u00e1vel na redu\u00e7\u00e3o do vento interno, proporciona maior conforto<\/p>\n<p>imagens meramente ilustrativas<\/p>\n","protected":false},"featured_media":1932,"template":"","meta":[],"product_brand":[],"product_cat":[25,50],"product_tag":[],"class_list":{"0":"post-1930","1":"product","2":"type-product","3":"status-publish","4":"has-post-thumbnail","6":"product_cat-capacetes","7":"product_cat-zeus","8":"pa_cor-preto-azul","9":"pa_tamanho-xl62","11":"first","12":"outofstock","13":"shipping-taxable","14":"purchasable","15":"product-type-variable"},"_links":{"self":[{"href":"https:\/\/personalbiker.com.br\/lojapb\/wp-json\/wp\/v2\/product\/1930","targetHints":{"allow":["GET"]}}],"collection":[{"href":"https:\/\/personalbiker.com.br\/lojapb\/wp-json\/wp\/v2\/product"}],"about":[{"href":"https:\/\/personalbiker.com.br\/lojapb\/wp-json\/wp\/v2\/types\/product"}],"wp:featuredmedia":[{"embeddable":true,"href":"https:\/\/personalbiker.com.br\/lojapb\/wp-json\/wp\/v2\/media\/1932"}],"wp:attachment":[{"href":"https:\/\/personalbiker.com.br\/lojapb\/wp-json\/wp\/v2\/media?parent=1930"}],"wp:term":[{"taxonomy":"product_brand","embeddable":true,"href":"https:\/\/personalbiker.com.br\/lojapb\/wp-json\/wp\/v2\/product_brand?post=1930"},{"taxonomy":"product_cat","embeddable":true,"href":"https:\/\/personalbiker.com.br\/lojapb\/wp-json\/wp\/v2\/product_cat?post=1930"},{"taxonomy":"product_tag","embeddable":true,"href":"https:\/\/personalbiker.com.br\/lojapb\/wp-json\/wp\/v2\/product_tag?post=1930"}],"curies":[{"name":"wp","href":"https:\/\/api.w.org\/{rel}","templated":true}]}}

<p>Caracterisiticas:;</p>
<p>&#8211; Casco feito em resina termoplástica injetada;<br />
&#8211; Absorção interna de choques multi-elementos com aletas de choque para melhor absorção de impacto;<br />
&#8211; Entradas de ar com controle de abertura;<br />
&#8211; Ótima qualidade no acabamento;<br />
&#8211; Design moderno e aerodinâmico;<br />
&#8211; 03 Entradas de ar frontais e 2 saídas de ar traseiras, que criam uma ótima ventilação interna;<br />
&#8211; Forro extremamente confortável, além de ser removível e lavável;<br />
&#8211; Viseira em policarbonato de 2,2 mm, com proteção anti-risco e UV que protege contra os raios ultravioleta;<br />
&#8211; Sistema de troca rápida da viseira sem precisar utilizar ferramentas;<br />
&#8211; Cinta jugular com engate micrométrico para maior praticidade, conforto e segurança;<br />
&#8211; Narigueira, auxilia na redução do embaçamento da viseira, evitando que o ar quente da respiração se choque diretamente na viseira;<br />
&#8211; Bavete, indispensável na redução do vento interno, proporciona maior conforto</p>
<p>imagens meramente ilustrativas</p>
