{"id":1907,"date":"2019-02-22T14:27:24","date_gmt":"2019-02-22T17:27:24","guid":{"rendered":"http:\/\/personalbiker.com.br\/lojapb\/?post_type=product&#038;p=1907"},"modified":"2022-08-17T16:29:42","modified_gmt":"2022-08-17T19:29:42","slug":"capacete-zeus-811-matt-al28","status":"publish","type":"product","link":"https:\/\/personalbiker.com.br\/lojapb\/produto\/capacete-zeus-811-matt-al28\/","title":{"rendered":"Capacete Zeus 811 MATT AL28"},"content":{"rendered":"","protected":false},"excerpt":{"rendered":"<p>O novo Zeus 811 EVO \u00e9 a escolha perfeita para aqueles que buscam um capacete de alta qualidade com design atraente. Possui casco leve e aerodin\u00e2mico, testado em t\u00fanel de vento para melhor aerodin\u00e2mica.<br \/>\nDetalhes T\u00e9cnicos:<br \/>\n+ Casco em resina termopl\u00e1stica injetada;<br \/>\n+ Absor\u00e7\u00e3o interna de choques multi-elementos com aletas de choque para melhor absor\u00e7\u00e3o de impacto;<br \/>\n+ Entradas de ar com controle de abertura;<br \/>\n+ Design moderno e aerodin\u00e2mico;<br \/>\n+ 03 Entradas de ar frontais e 2 sa\u00eddas de ar traseiras;<br \/>\n+ Forro remov\u00edvel e lav\u00e1vel;<br \/>\n+ Viseira em policarbonato de 2,2 mm, com prote\u00e7\u00e3o anti-risco e UV;<br \/>\n+ Sistema de troca r\u00e1pida da viseira sem precisar utilizar ferramentas;<br \/>\n+ Cinta jugular com engate microm\u00e9trico para maior praticidade, conforto e seguran\u00e7a;<br \/>\n+ Narigueira, auxilia na redu\u00e7\u00e3o do emba\u00e7amento da viseira, evitando que o ar quente da respira\u00e7\u00e3o se choque diretamente na viseira;<br \/>\n+ Bavete, indispens\u00e1vel na redu\u00e7\u00e3o do vento interno, proporciona maior conforto.<br \/>\nObserva\u00e7\u00e3o:<br \/>\n&#8211; A cor da viseira que acompanha o produto \u00e9 cristal, \u00fanica permitida para uso noturno.<\/p>\n<p>imagens meramente ilustrativas<\/p>\n","protected":false},"featured_media":1914,"template":"","meta":[],"product_brand":[],"product_cat":[25,50],"product_tag":[],"class_list":{"0":"post-1907","1":"product","2":"type-product","3":"status-publish","4":"has-post-thumbnail","6":"product_cat-capacetes","7":"product_cat-zeus","8":"pa_cor-prateado","9":"pa_tamanho-60-l","10":"pa_tamanho-m58","11":"pa_tamanho-xl62","13":"first","14":"outofstock","15":"shipping-taxable","16":"purchasable","17":"product-type-variable"},"_links":{"self":[{"href":"https:\/\/personalbiker.com.br\/lojapb\/wp-json\/wp\/v2\/product\/1907","targetHints":{"allow":["GET"]}}],"collection":[{"href":"https:\/\/personalbiker.com.br\/lojapb\/wp-json\/wp\/v2\/product"}],"about":[{"href":"https:\/\/personalbiker.com.br\/lojapb\/wp-json\/wp\/v2\/types\/product"}],"wp:featuredmedia":[{"embeddable":true,"href":"https:\/\/personalbiker.com.br\/lojapb\/wp-json\/wp\/v2\/media\/1914"}],"wp:attachment":[{"href":"https:\/\/personalbiker.com.br\/lojapb\/wp-json\/wp\/v2\/media?parent=1907"}],"wp:term":[{"taxonomy":"product_brand","embeddable":true,"href":"https:\/\/personalbiker.com.br\/lojapb\/wp-json\/wp\/v2\/product_brand?post=1907"},{"taxonomy":"product_cat","embeddable":true,"href":"https:\/\/personalbiker.com.br\/lojapb\/wp-json\/wp\/v2\/product_cat?post=1907"},{"taxonomy":"product_tag","embeddable":true,"href":"https:\/\/personalbiker.com.br\/lojapb\/wp-json\/wp\/v2\/product_tag?post=1907"}],"curies":[{"name":"wp","href":"https:\/\/api.w.org\/{rel}","templated":true}]}}

<p>O novo Zeus 811 EVO é a escolha perfeita para aqueles que buscam um capacete de alta qualidade com design atraente. Possui casco leve e aerodinâmico, testado em túnel de vento para melhor aerodinâmica.<br />
Detalhes Técnicos:<br />
+ Casco em resina termoplástica injetada;<br />
+ Absorção interna de choques multi-elementos com aletas de choque para melhor absorção de impacto;<br />
+ Entradas de ar com controle de abertura;<br />
+ Design moderno e aerodinâmico;<br />
+ 03 Entradas de ar frontais e 2 saídas de ar traseiras;<br />
+ Forro removível e lavável;<br />
+ Viseira em policarbonato de 2,2 mm, com proteção anti-risco e UV;<br />
+ Sistema de troca rápida da viseira sem precisar utilizar ferramentas;<br />
+ Cinta jugular com engate micrométrico para maior praticidade, conforto e segurança;<br />
+ Narigueira, auxilia na redução do embaçamento da viseira, evitando que o ar quente da respiração se choque diretamente na viseira;<br />
+ Bavete, indispensável na redução do vento interno, proporciona maior conforto.<br />
Observação:<br />
&#8211; A cor da viseira que acompanha o produto é cristal, única permitida para uso noturno.</p>
<p>imagens meramente ilustrativas</p>
