{"id":1876,"date":"2019-02-22T10:56:15","date_gmt":"2019-02-22T13:56:15","guid":{"rendered":"http:\/\/personalbiker.com.br\/lojapb\/?post_type=product&#038;p=1876"},"modified":"2021-09-03T16:39:32","modified_gmt":"2021-09-03T19:39:32","slug":"capacete-infantil-liberty-kids","status":"publish","type":"product","link":"https:\/\/personalbiker.com.br\/lojapb\/produto\/capacete-infantil-liberty-kids\/","title":{"rendered":"Capacete Infantil Liberty Kids"},"content":{"rendered":"<p>Ideal para presentear as crian\u00e7as, pois vem em uma linda caixa para presente. O capacete oferece seguran\u00e7a em casos de colis\u00e3o ou queda e ainda proporciona conforto naqueles momentos de frio e chuva. Ele \u00e9 desenvolvido com materiais de alta qualidade; a viseira injetada \u00e9 transparente e bastante resistente, assim como o casco confeccionado em abs natural de alto impacto, que possui revestimento de prote\u00e7\u00e3o em eps. Seu forro em nylon pluma dublado, com espuma de 5mm de espessura e 28 de densidade \u00e9 aconchegante. O fecho microm\u00e9trico facilita na hora de colocar o capacete.<\/p>\n<p>. Imagens meramente ilustrativas<\/p>\n","protected":false},"excerpt":{"rendered":"<p>Especifica\u00e7\u00e3o T\u00e9cnica:<br \/>\n\u2022 Injetado em ABS de Alto Impacto.<br \/>\n\u2022 Forro Antial\u00e9rgico.<br \/>\n\u2022 Cinta Jugular Confeccionado em Engate R\u00e1pido.<br \/>\n\u2022 Viseira Com 2mm de Espessura.<br \/>\n\u2022 Viseira em Policarbonato de Alto Impacto Com Tratamento Anti-Risco.<br \/>\n\u2022 Gr\u00e1fico Adesivo Em Vinil Pl\u00e1stico Resistente \u00e0s A\u00e7\u00f5es do Clima Com Logo Marca Pro Tork e Liberty Four Kids.<br \/>\n\u2022 Aprovado Pelo INMETRO.<\/p>\n<p>imagens meramente ilustrativas<\/p>\n","protected":false},"featured_media":9956,"template":"","meta":[],"product_brand":[],"product_cat":[20],"product_tag":[],"class_list":{"0":"post-1876","1":"product","2":"type-product","3":"status-publish","4":"has-post-thumbnail","6":"product_cat-capacetes-infantil","7":"pa_cor-azul","8":"pa_cor-branco","9":"pa_cor-rosa","10":"pa_tamanho-77","12":"first","13":"outofstock","14":"shipping-taxable","15":"purchasable","16":"product-type-simple"},"_links":{"self":[{"href":"https:\/\/personalbiker.com.br\/lojapb\/wp-json\/wp\/v2\/product\/1876","targetHints":{"allow":["GET"]}}],"collection":[{"href":"https:\/\/personalbiker.com.br\/lojapb\/wp-json\/wp\/v2\/product"}],"about":[{"href":"https:\/\/personalbiker.com.br\/lojapb\/wp-json\/wp\/v2\/types\/product"}],"wp:featuredmedia":[{"embeddable":true,"href":"https:\/\/personalbiker.com.br\/lojapb\/wp-json\/wp\/v2\/media\/9956"}],"wp:attachment":[{"href":"https:\/\/personalbiker.com.br\/lojapb\/wp-json\/wp\/v2\/media?parent=1876"}],"wp:term":[{"taxonomy":"product_brand","embeddable":true,"href":"https:\/\/personalbiker.com.br\/lojapb\/wp-json\/wp\/v2\/product_brand?post=1876"},{"taxonomy":"product_cat","embeddable":true,"href":"https:\/\/personalbiker.com.br\/lojapb\/wp-json\/wp\/v2\/product_cat?post=1876"},{"taxonomy":"product_tag","embeddable":true,"href":"https:\/\/personalbiker.com.br\/lojapb\/wp-json\/wp\/v2\/product_tag?post=1876"}],"curies":[{"name":"wp","href":"https:\/\/api.w.org\/{rel}","templated":true}]}}

<p>Ideal para presentear as crianças, pois vem em uma linda caixa para presente. O capacete oferece segurança em casos de colisão ou queda e ainda proporciona conforto naqueles momentos de frio e chuva. Ele é desenvolvido com materiais de alta qualidade; a viseira injetada é transparente e bastante resistente, assim como o casco confeccionado em abs natural de alto impacto, que possui revestimento de proteção em eps. Seu forro em nylon pluma dublado, com espuma de 5mm de espessura e 28 de densidade é aconchegante. O fecho micrométrico facilita na hora de colocar o capacete.</p>
<p>. Imagens meramente ilustrativas</p>

<p>Especificação Técnica:<br />
• Injetado em ABS de Alto Impacto.<br />
• Forro Antialérgico.<br />
• Cinta Jugular Confeccionado em Engate Rápido.<br />
• Viseira Com 2mm de Espessura.<br />
• Viseira em Policarbonato de Alto Impacto Com Tratamento Anti-Risco.<br />
• Gráfico Adesivo Em Vinil Plástico Resistente às Ações do Clima Com Logo Marca Pro Tork e Liberty Four Kids.<br />
• Aprovado Pelo INMETRO.</p>
<p>imagens meramente ilustrativas</p>
