{"id":1807,"date":"2019-02-21T12:38:18","date_gmt":"2019-02-21T15:38:18","guid":{"rendered":"http:\/\/personalbiker.com.br\/lojapb\/?post_type=product&#038;p=1807"},"modified":"2019-03-15T17:24:39","modified_gmt":"2019-03-15T20:24:39","slug":"bikelete-bicicleta-eletrica-250w-e-bike","status":"publish","type":"product","link":"https:\/\/personalbiker.com.br\/lojapb\/produto\/bikelete-bicicleta-eletrica-250w-e-bike\/","title":{"rendered":"Bikelete Bicicleta El\u00e9trica 250W E-Bike"},"content":{"rendered":"","protected":false},"excerpt":{"rendered":"<p>A E-BIKE BIKELETE pode ser usada por adultos e crian\u00e7as.<\/p>\n<p>Ideal para ir ao trabalho e tamb\u00e9m ser usada nos momentos de lazer.<\/p>\n<p>O melhor custo benef\u00edcio da categoria.<\/p>\n<p>O seu quadro \u00e9 feito em alum\u00ednio, tornando-a mais leve e resistente que as concorrentes.<\/p>\n<p>A bateria utilizada \u00e9 de L\u00edtio, que possui muitas vantagens se comparado as baterias de chumbo \u00e1cido utilizadas pelos concorrentes.<\/p>\n<p>Umas das principais vantagens dessa bateria \u00e9 o carregamento r\u00e1pido, em m\u00e9dia leva 3 horas para uma carga total possibilitando uma autonomia de at\u00e9 40Km com a assist\u00eancia do pedal.<\/p>\n<p>As baterias de l\u00edtio costumam ser muito mais leves do que outros tipos de baterias recarreg\u00e1veis do mesmo tamanho e conseguem suportar centenas de ciclos de carga\/descarga.<\/p>\n<p>Outra diferen\u00e7a da bateria de l\u00edtio \u00e9 a aus\u00eancia do efeito mem\u00f3ria (n\u00e3o vicia), ou seja, n\u00e3o \u00e9 preciso carreg\u00e1-la totalmente ou esperar ficar sem energia para recarreg\u00e1-la.<\/p>\n<p>O guid\u00e3o e os pedais s\u00e3o dobr\u00e1veis para ser transportada com mais facilidade.<\/p>\n<p>O amortecedor traseiro possui uma regulagem manual, onde o condutor pode regular a tens\u00e3o da mola com facilidade.<\/p>\n<p>O motor el\u00e9trico de 350w pode ser acionado no punho direito do guid\u00e3o (acelerador), ou no momento que o condutor pedala a bicicleta.<\/p>\n<p>Possui farol de LED na dianteira e tamb\u00e9m lanterna traseira com sinalizador de freio.<\/p>\n<p>Freio traseiro a disco nas duas rodas para uma melhor frenagem.<\/p>\n<p>A E-BIKE BIKELETE pode ser usada nas ciclo faixas de sua cidade, basta usar capacete.<\/p>\n<p>************N\u00e3o \u00e9 necess\u00e1rio o uso de CNH para sua condu\u00e7\u00e3o. ******************<\/p>\n<p>Marca: Bikelete<br \/>\nModelo: El\u00e9trica<br \/>\nUsu\u00e1rio: Unissex<br \/>\nIdade: Adultos e Crian\u00e7as acima de 10 anos<br \/>\nAro: 12 polegadas<br \/>\nTipo: El\u00e9trica<br \/>\nA motor: El\u00e9trico<br \/>\nMateriais da arma\u00e7\u00e3o Alum\u00ednio<\/p>\n<p>Especifica\u00e7\u00e3o:<br \/>\n&#8211; Material do Quadro: Alum\u00ednio<br \/>\n&#8211; Medidas: 1040 x 1000 x 500mm<br \/>\n&#8211; Peso: 18kg<br \/>\n&#8211; Peso M\u00e1ximo Suportado: 120kg<br \/>\n&#8211; Autonomia com assist\u00eancia do pedal: 30Km toler\u00e2ncia \u00b15Km por carga completa<br \/>\n&#8211; Autonomia sem assist\u00eancia do pedal:20Km toler\u00e2ncia \u00b15Km por carga completa<br \/>\n-Velocidade M\u00e1xima: 20Km\/h<br \/>\n&#8211; Freio Traseiro e Dianteiro: A Disco<br \/>\n&#8211; Tamanho do Aro: 12 Polegadas<br \/>\n&#8211; Capacidade de Bateria: 6.6 Ah<br \/>\n-Tempo de carregamento: \u00bf 3h<br \/>\n&#8211; Tens\u00e3o do Motor: 36v<br \/>\n&#8211; Pot\u00eancia: 350w<br \/>\n&#8211; Tens\u00e3o de sa\u00edda do Carregador: 42V<br \/>\n&#8211; Carregador Bi-volt: AC 100-240V<br \/>\n&#8211; Painel com Indicador de Bateria<br \/>\n-Buzina el\u00e9trica<br \/>\n-Amortecedor traseiro com regulagem<\/p>\n<p>Acess\u00f3rios:<br \/>\n&#8211; Farol de LED<br \/>\n&#8211; Luz de Freio de LED<br \/>\n&#8211; Buzina el\u00e9trica<\/p>\n<p>imagens meramente ilustrativas<\/p>\n<p>ATEN\u00c7\u00c3O PRODUTO ENVIADO SOMENTE POR TRANSPORTADORA<\/p>\n<p>&nbsp;<\/p>\n<p>&nbsp;<\/p>\n","protected":false},"featured_media":1809,"template":"","meta":[],"product_brand":[],"product_cat":[68],"product_tag":[],"class_list":{"0":"post-1807","1":"product","2":"type-product","3":"status-publish","4":"has-post-thumbnail","6":"product_cat-bicicleta-eletrica","7":"pa_cor-branco","9":"first","10":"outofstock","11":"shipping-taxable","12":"purchasable","13":"product-type-variable"},"_links":{"self":[{"href":"https:\/\/personalbiker.com.br\/lojapb\/wp-json\/wp\/v2\/product\/1807","targetHints":{"allow":["GET"]}}],"collection":[{"href":"https:\/\/personalbiker.com.br\/lojapb\/wp-json\/wp\/v2\/product"}],"about":[{"href":"https:\/\/personalbiker.com.br\/lojapb\/wp-json\/wp\/v2\/types\/product"}],"wp:featuredmedia":[{"embeddable":true,"href":"https:\/\/personalbiker.com.br\/lojapb\/wp-json\/wp\/v2\/media\/1809"}],"wp:attachment":[{"href":"https:\/\/personalbiker.com.br\/lojapb\/wp-json\/wp\/v2\/media?parent=1807"}],"wp:term":[{"taxonomy":"product_brand","embeddable":true,"href":"https:\/\/personalbiker.com.br\/lojapb\/wp-json\/wp\/v2\/product_brand?post=1807"},{"taxonomy":"product_cat","embeddable":true,"href":"https:\/\/personalbiker.com.br\/lojapb\/wp-json\/wp\/v2\/product_cat?post=1807"},{"taxonomy":"product_tag","embeddable":true,"href":"https:\/\/personalbiker.com.br\/lojapb\/wp-json\/wp\/v2\/product_tag?post=1807"}],"curies":[{"name":"wp","href":"https:\/\/api.w.org\/{rel}","templated":true}]}}