{"id":1763,"date":"2019-02-20T15:07:43","date_gmt":"2019-02-20T18:07:43","guid":{"rendered":"http:\/\/personalbiker.com.br\/lojapb\/?post_type=product&#038;p=1763"},"modified":"2024-05-07T11:38:46","modified_gmt":"2024-05-07T14:38:46","slug":"bau-45l-givi-monolock-simply","status":"publish","type":"product","link":"https:\/\/personalbiker.com.br\/lojapb\/produto\/bau-45l-givi-monolock-simply\/","title":{"rendered":"Bau 45L Givi Monolock Simply"},"content":{"rendered":"","protected":false},"excerpt":{"rendered":"<p>\u00c9\u00a0 um dos o mais espa\u00e7oso baul etos da linha MONOLOCK, cuja capacidade chega aos 45 litros. Equipado com grande refletor traseiro, \u00e9 caracterizado por seu moderno desenho e comprovados sistema de abertura e fixa\u00e7\u00e3o autom\u00e1ticos:<br \/>\nsimplesmente pressionando os dois bot\u00f5es posicionados logo abaixo da chave, \u00e8 poss\u00edvel abrir ou destacar o ba\u00fa da base, utilizando somente um dedo.<\/p>\n<p>Caracter\u00edsticas:<br \/>\n&#8211; Carga M\u00e1xima: 3kg;<br \/>\n&#8211; Dimens\u00f5es: 55,5 x 41,5 x 32,5 CM (C x L x A) ;<br \/>\n&#8211; Capacidade para 2 capacetes.<\/p>\n<p>imagens meramente ilustrativas<\/p>\n<p>imagens meramente ilustrativas<\/p>\n","protected":false},"featured_media":1770,"template":"","meta":[],"product_brand":[],"product_cat":[39],"product_tag":[],"class_list":{"0":"post-1763","1":"product","2":"type-product","3":"status-publish","4":"has-post-thumbnail","6":"product_cat-baus-bauletos","8":"first","9":"outofstock","10":"shipping-taxable","11":"purchasable","12":"product-type-simple"},"_links":{"self":[{"href":"https:\/\/personalbiker.com.br\/lojapb\/wp-json\/wp\/v2\/product\/1763","targetHints":{"allow":["GET"]}}],"collection":[{"href":"https:\/\/personalbiker.com.br\/lojapb\/wp-json\/wp\/v2\/product"}],"about":[{"href":"https:\/\/personalbiker.com.br\/lojapb\/wp-json\/wp\/v2\/types\/product"}],"wp:featuredmedia":[{"embeddable":true,"href":"https:\/\/personalbiker.com.br\/lojapb\/wp-json\/wp\/v2\/media\/1770"}],"wp:attachment":[{"href":"https:\/\/personalbiker.com.br\/lojapb\/wp-json\/wp\/v2\/media?parent=1763"}],"wp:term":[{"taxonomy":"product_brand","embeddable":true,"href":"https:\/\/personalbiker.com.br\/lojapb\/wp-json\/wp\/v2\/product_brand?post=1763"},{"taxonomy":"product_cat","embeddable":true,"href":"https:\/\/personalbiker.com.br\/lojapb\/wp-json\/wp\/v2\/product_cat?post=1763"},{"taxonomy":"product_tag","embeddable":true,"href":"https:\/\/personalbiker.com.br\/lojapb\/wp-json\/wp\/v2\/product_tag?post=1763"}],"curies":[{"name":"wp","href":"https:\/\/api.w.org\/{rel}","templated":true}]}}