{"id":1239,"date":"2019-02-08T13:39:46","date_gmt":"2019-02-08T15:39:46","guid":{"rendered":"http:\/\/personalbiker.com.br\/lojapb\/?post_type=product&#038;p=1239"},"modified":"2021-10-01T13:59:37","modified_gmt":"2021-10-01T16:59:37","slug":"mochila-pizza-89-lts-52-cm-nylon-com-isopor-revestido-andrade","status":"publish","type":"product","link":"https:\/\/personalbiker.com.br\/lojapb\/produto\/mochila-pizza-89-lts-52-cm-nylon-com-isopor-revestido-andrade\/","title":{"rendered":"MOCHILA PIZZA 89 lts (52 CM) Nylon com Isopor Revestido Andrade"},"content":{"rendered":"<p>Z\u00edper refor\u00e7ado com 2 carrinhos.<br \/>\nFitas refletivas na tampa para maior seguran\u00e7a do entregador.<br \/>\nConfeccionada em Nylon, que possu\u00ed alta resist\u00eancia e durabilidade.<br \/>\nAl\u00e7a manual na parte superior.<br \/>\nCont\u00e9m 5 compartimentos externos para refrigerantes de 2 Litros.<br \/>\nCompartimento externo de pl\u00e1stico transparente, que permite alojar pedidos e colocar propagandas.<br \/>\nCaixa t\u00e9rmica de isopor revestido em material refrat\u00e1rio.<br \/>\nPossui fecho peitoral e 2 reguladores laterais para melhor ajuste nas costas.<br \/>\nDimens\u00f5es internas em cm: Largura = 52, Comprimento = 52, Altura = 33<br \/>\nEssa mochila \u00e9 um diferencial de sucesso no mercado. Sua parte interna \u00e9 revestida e refrat\u00e1ria mantendo a pizza aquecida por mais tempo e principalmente ajuda na higiene e conserva\u00e7\u00e3o do isopor.<\/p>\n<p>imagens meramente ilustrativas<\/p>\n","protected":false},"excerpt":{"rendered":"<p>Fecho peitoral de engate r\u00e1pido e dois reguladores laterais.<br \/>\nCinco bolsos externos para refrigerantes de 2 litros.<br \/>\nZiper refor\u00e7ado com dois carrinhos.<br \/>\nCompartimento externo de pl\u00e1stico<br \/>\ntransparente com z\u00edper, permitindo alojar pedidos e propagandas<\/p>\n<p>mochila revestida.<\/p>\n<p>imagens meramente ilustrativas<\/p>\n","protected":false},"featured_media":1241,"template":"","meta":[],"product_brand":[],"product_cat":[48],"product_tag":[],"class_list":{"0":"post-1239","1":"product","2":"type-product","3":"status-publish","4":"has-post-thumbnail","6":"product_cat-mochilas-e-alforge","7":"pa_cor-vermelho","8":"pa_tamanho-89-l-52cm","10":"first","11":"outofstock","12":"shipping-taxable","13":"product-type-simple"},"_links":{"self":[{"href":"https:\/\/personalbiker.com.br\/lojapb\/wp-json\/wp\/v2\/product\/1239","targetHints":{"allow":["GET"]}}],"collection":[{"href":"https:\/\/personalbiker.com.br\/lojapb\/wp-json\/wp\/v2\/product"}],"about":[{"href":"https:\/\/personalbiker.com.br\/lojapb\/wp-json\/wp\/v2\/types\/product"}],"wp:featuredmedia":[{"embeddable":true,"href":"https:\/\/personalbiker.com.br\/lojapb\/wp-json\/wp\/v2\/media\/1241"}],"wp:attachment":[{"href":"https:\/\/personalbiker.com.br\/lojapb\/wp-json\/wp\/v2\/media?parent=1239"}],"wp:term":[{"taxonomy":"product_brand","embeddable":true,"href":"https:\/\/personalbiker.com.br\/lojapb\/wp-json\/wp\/v2\/product_brand?post=1239"},{"taxonomy":"product_cat","embeddable":true,"href":"https:\/\/personalbiker.com.br\/lojapb\/wp-json\/wp\/v2\/product_cat?post=1239"},{"taxonomy":"product_tag","embeddable":true,"href":"https:\/\/personalbiker.com.br\/lojapb\/wp-json\/wp\/v2\/product_tag?post=1239"}],"curies":[{"name":"wp","href":"https:\/\/api.w.org\/{rel}","templated":true}]}}