{"id":1232,"date":"2019-02-08T11:34:51","date_gmt":"2019-02-08T13:34:51","guid":{"rendered":"http:\/\/personalbiker.com.br\/lojapb\/?post_type=product&#038;p=1232"},"modified":"2022-08-22T14:40:04","modified_gmt":"2022-08-22T17:40:04","slug":"mochila-pizza-50-lts-39-cm-nylon-com-isopor-andrade","status":"publish","type":"product","link":"https:\/\/personalbiker.com.br\/lojapb\/produto\/mochila-pizza-50-lts-39-cm-nylon-com-isopor-andrade\/","title":{"rendered":"MOCHILA  PIZZA 50 lts (39 CM) Nylon com Isopor Andrade"},"content":{"rendered":"","protected":false},"excerpt":{"rendered":"<p>Especifica\u00e7\u00e3o T\u00e9cnica:<br \/>\nBolsa Confeccionada em Nylon<br \/>\nAcabamento na Cor Vermelha<br \/>\nCapacidade da Caixa de Isopor: 50 Litros<br \/>\nPl\u00e1stico Frontal Transparente para Endere\u00e7os e Panfletos<br \/>\nAl\u00e7as Ajust\u00e1veis com Fecho de Engate R\u00e1pido<br \/>\nPossui Bolsos Laterais para Garrafas e Porta Documentos<br \/>\nFechamento Atrav\u00e9s de Ziper<\/p>\n<p>Mochila P\/ Entrega De Pizzas At\u00e9 39cm Isopor<\/p>\n<p>imagens meramente ilustrativas<\/p>\n","protected":false},"featured_media":1223,"template":"","meta":[],"product_brand":[],"product_cat":[48],"product_tag":[],"class_list":{"0":"post-1232","1":"product","2":"type-product","3":"status-publish","4":"has-post-thumbnail","6":"product_cat-mochilas-e-alforge","7":"pa_cor-vermelho","8":"pa_tamanho-50-l-39-cm","10":"first","11":"outofstock","12":"shipping-taxable","13":"purchasable","14":"product-type-variable"},"_links":{"self":[{"href":"https:\/\/personalbiker.com.br\/lojapb\/wp-json\/wp\/v2\/product\/1232","targetHints":{"allow":["GET"]}}],"collection":[{"href":"https:\/\/personalbiker.com.br\/lojapb\/wp-json\/wp\/v2\/product"}],"about":[{"href":"https:\/\/personalbiker.com.br\/lojapb\/wp-json\/wp\/v2\/types\/product"}],"wp:featuredmedia":[{"embeddable":true,"href":"https:\/\/personalbiker.com.br\/lojapb\/wp-json\/wp\/v2\/media\/1223"}],"wp:attachment":[{"href":"https:\/\/personalbiker.com.br\/lojapb\/wp-json\/wp\/v2\/media?parent=1232"}],"wp:term":[{"taxonomy":"product_brand","embeddable":true,"href":"https:\/\/personalbiker.com.br\/lojapb\/wp-json\/wp\/v2\/product_brand?post=1232"},{"taxonomy":"product_cat","embeddable":true,"href":"https:\/\/personalbiker.com.br\/lojapb\/wp-json\/wp\/v2\/product_cat?post=1232"},{"taxonomy":"product_tag","embeddable":true,"href":"https:\/\/personalbiker.com.br\/lojapb\/wp-json\/wp\/v2\/product_tag?post=1232"}],"curies":[{"name":"wp","href":"https:\/\/api.w.org\/{rel}","templated":true}]}}