{"id":1190,"date":"2019-02-07T16:20:47","date_gmt":"2019-02-07T18:20:47","guid":{"rendered":"http:\/\/personalbiker.com.br\/lojapb\/?post_type=product&#038;p=1190"},"modified":"2022-08-17T16:31:53","modified_gmt":"2022-08-17T19:31:53","slug":"capacete-pro-tork-attack-hsa","status":"publish","type":"product","link":"https:\/\/personalbiker.com.br\/lojapb\/produto\/capacete-pro-tork-attack-hsa\/","title":{"rendered":"Capacete Pro Tork Attack HSA"},"content":{"rendered":"","protected":false},"excerpt":{"rendered":"<p>Grafismos diferenciados, muito mais modernos e agressivos, -contando com uma proposta \u00fanica no mercado;<br \/>\n&#8211; Novo design do aerof\u00f3lio, mais din\u00e2mico;<br \/>\n&#8211; Possui forra\u00e7\u00e3o antial\u00e9rgica;<br \/>\n&#8211; Queixo escamote\u00e1vel;<br \/>\n&#8211; Acompanha sub-viseira solar fum\u00ea;<br \/>\n&#8211; Entradas e sa\u00eddas de ar regul\u00e1veis;<br \/>\n&#8211; Fecho microm\u00e9trico;<br \/>\n&#8211; Fabricado nos tamanhos: 56, 58, 60 e 62;<br \/>\n&#8211; Resistente viseira cristal em policarbonato com 2mm de espessura e dupla curvatura;<br \/>\n&#8211; Casco injetado em ABS de alta resist\u00eancia;<br \/>\n&#8211; EPS interno projetado para absorver e dissipar melhor os impactos;<br \/>\n&#8211; Segue as normas de seguran\u00e7a do INMETRO e DOT americano;<br \/>\n&#8211; Fabricante: Pro Tork;<\/p>\n<p>&nbsp;<\/p>\n<p>Para saber o tamanho adequado, medir circunfer\u00eancia da<br \/>\ncabe\u00e7a na altura da testa.<br \/>\nOBS: Em caso de troca por tamanho o frete \u00e9 por conta do cliente.<\/p>\n<p>imagens meramente ilustrativas<\/p>\n","protected":false},"featured_media":5567,"template":"","meta":[],"product_brand":[],"product_cat":[52],"product_tag":[],"class_list":{"0":"post-1190","1":"product","2":"type-product","3":"status-publish","4":"has-post-thumbnail","6":"product_cat-pro-tork","7":"pa_cor-preto-cinza-prata","8":"pa_cor-preto-cinza-vermelho","9":"pa_tamanho-75","10":"pa_tamanho-76","12":"first","13":"outofstock","14":"shipping-taxable","15":"purchasable","16":"product-type-variable"},"_links":{"self":[{"href":"https:\/\/personalbiker.com.br\/lojapb\/wp-json\/wp\/v2\/product\/1190","targetHints":{"allow":["GET"]}}],"collection":[{"href":"https:\/\/personalbiker.com.br\/lojapb\/wp-json\/wp\/v2\/product"}],"about":[{"href":"https:\/\/personalbiker.com.br\/lojapb\/wp-json\/wp\/v2\/types\/product"}],"wp:featuredmedia":[{"embeddable":true,"href":"https:\/\/personalbiker.com.br\/lojapb\/wp-json\/wp\/v2\/media\/5567"}],"wp:attachment":[{"href":"https:\/\/personalbiker.com.br\/lojapb\/wp-json\/wp\/v2\/media?parent=1190"}],"wp:term":[{"taxonomy":"product_brand","embeddable":true,"href":"https:\/\/personalbiker.com.br\/lojapb\/wp-json\/wp\/v2\/product_brand?post=1190"},{"taxonomy":"product_cat","embeddable":true,"href":"https:\/\/personalbiker.com.br\/lojapb\/wp-json\/wp\/v2\/product_cat?post=1190"},{"taxonomy":"product_tag","embeddable":true,"href":"https:\/\/personalbiker.com.br\/lojapb\/wp-json\/wp\/v2\/product_tag?post=1190"}],"curies":[{"name":"wp","href":"https:\/\/api.w.org\/{rel}","templated":true}]}}

<p>Grafismos diferenciados, muito mais modernos e agressivos, -contando com uma proposta única no mercado;<br />
&#8211; Novo design do aerofólio, mais dinâmico;<br />
&#8211; Possui forração antialérgica;<br />
&#8211; Queixo escamoteável;<br />
&#8211; Acompanha sub-viseira solar fumê;<br />
&#8211; Entradas e saídas de ar reguláveis;<br />
&#8211; Fecho micrométrico;<br />
&#8211; Fabricado nos tamanhos: 56, 58, 60 e 62;<br />
&#8211; Resistente viseira cristal em policarbonato com 2mm de espessura e dupla curvatura;<br />
&#8211; Casco injetado em ABS de alta resistência;<br />
&#8211; EPS interno projetado para absorver e dissipar melhor os impactos;<br />
&#8211; Segue as normas de segurança do INMETRO e DOT americano;<br />
&#8211; Fabricante: Pro Tork;</p>
<p>&nbsp;</p>
<p>Para saber o tamanho adequado, medir circunferência da<br />
cabeça na altura da testa.<br />
OBS: Em caso de troca por tamanho o frete é por conta do cliente.</p>
<p>imagens meramente ilustrativas</p>
