{"id":1080,"date":"2019-02-06T10:44:39","date_gmt":"2019-02-06T12:44:39","guid":{"rendered":"http:\/\/personalbiker.com.br\/lojapb\/?post_type=product&#038;p=1080"},"modified":"2019-10-01T14:30:06","modified_gmt":"2019-10-01T17:30:06","slug":"capacete-pro-tork-new-atomic-solid","status":"publish","type":"product","link":"https:\/\/personalbiker.com.br\/lojapb\/produto\/capacete-pro-tork-new-atomic-solid\/","title":{"rendered":"Capacete Pro Tork New Atomic Solid"},"content":{"rendered":"","protected":false},"excerpt":{"rendered":"<p>Modelo aberto, com viseira em cristal 2 mm e sub-viseira solar fum\u00ea;<br \/>\n\u2022 Casco fabricado em ABS natural injetado de alto impacto;<br \/>\n\u2022 Forro interno lav\u00e1vel, fabricado em tecido com alto n\u00edvel de conforto e absor\u00e7\u00e3o;<br \/>\n\u2022 Revestimento de prote\u00e7\u00e3o confeccionado em EPS (tamb\u00e9m chamado ber\u00e7o) de alto impacto;<br \/>\n\u2022 Cinta jugular confeccionada com nylon em pluma duplo;<br \/>\n\u2022 Sistema de fecho micro-m\u00e9trico;<br \/>\n\u2022 Entradas e sa\u00eddas de ar que possibilitam maior ventila\u00e7\u00e3o interna;<br \/>\n\u2022 Aprovado pelo INMETRO;<br \/>\n\u2022 Nome do fornecedor: Pro Tork;<br \/>\n\u2022 Garantia de 90 dias contra defeito de fabrica\u00e7\u00e3o.<\/p>\n<p>\u00c9 importante escolher um capacete bem justo, pois a tend\u00eancia \u00e9 que ele se ajuste com o uso. Portanto, se a sua medida \u00e9 56 ou 57 cm, escolha um 56 sem medo.<\/p>\n<p>Para saber o tamanho adequado, medir circunfer\u00eancia da<br \/>\ncabe\u00e7a na altura da testa.<\/p>\n<p>imagens meramente ilustrativas<\/p>\n","protected":false},"featured_media":1085,"template":"","meta":[],"product_brand":[],"product_cat":[52],"product_tag":[],"class_list":{"0":"post-1080","1":"product","2":"type-product","3":"status-publish","4":"has-post-thumbnail","6":"product_cat-pro-tork","7":"pa_cor-preto","8":"pa_tamanho-74","10":"first","11":"outofstock","12":"shipping-taxable","13":"purchasable","14":"product-type-variable"},"_links":{"self":[{"href":"https:\/\/personalbiker.com.br\/lojapb\/wp-json\/wp\/v2\/product\/1080","targetHints":{"allow":["GET"]}}],"collection":[{"href":"https:\/\/personalbiker.com.br\/lojapb\/wp-json\/wp\/v2\/product"}],"about":[{"href":"https:\/\/personalbiker.com.br\/lojapb\/wp-json\/wp\/v2\/types\/product"}],"wp:featuredmedia":[{"embeddable":true,"href":"https:\/\/personalbiker.com.br\/lojapb\/wp-json\/wp\/v2\/media\/1085"}],"wp:attachment":[{"href":"https:\/\/personalbiker.com.br\/lojapb\/wp-json\/wp\/v2\/media?parent=1080"}],"wp:term":[{"taxonomy":"product_brand","embeddable":true,"href":"https:\/\/personalbiker.com.br\/lojapb\/wp-json\/wp\/v2\/product_brand?post=1080"},{"taxonomy":"product_cat","embeddable":true,"href":"https:\/\/personalbiker.com.br\/lojapb\/wp-json\/wp\/v2\/product_cat?post=1080"},{"taxonomy":"product_tag","embeddable":true,"href":"https:\/\/personalbiker.com.br\/lojapb\/wp-json\/wp\/v2\/product_tag?post=1080"}],"curies":[{"name":"wp","href":"https:\/\/api.w.org\/{rel}","templated":true}]}}

<p>Modelo aberto, com viseira em cristal 2 mm e sub-viseira solar fumê;<br />
• Casco fabricado em ABS natural injetado de alto impacto;<br />
• Forro interno lavável, fabricado em tecido com alto nível de conforto e absorção;<br />
• Revestimento de proteção confeccionado em EPS (também chamado berço) de alto impacto;<br />
• Cinta jugular confeccionada com nylon em pluma duplo;<br />
• Sistema de fecho micro-métrico;<br />
• Entradas e saídas de ar que possibilitam maior ventilação interna;<br />
• Aprovado pelo INMETRO;<br />
• Nome do fornecedor: Pro Tork;<br />
• Garantia de 90 dias contra defeito de fabricação.</p>
<p>É importante escolher um capacete bem justo, pois a tendência é que ele se ajuste com o uso. Portanto, se a sua medida é 56 ou 57 cm, escolha um 56 sem medo.</p>
<p>Para saber o tamanho adequado, medir circunferência da<br />
cabeça na altura da testa.</p>
<p>imagens meramente ilustrativas</p>
