{"id":1050,"date":"2019-02-05T16:05:18","date_gmt":"2019-02-05T18:05:18","guid":{"rendered":"http:\/\/personalbiker.com.br\/lojapb\/?post_type=product&#038;p=1050"},"modified":"2019-05-09T14:34:32","modified_gmt":"2019-05-09T17:34:32","slug":"capacete-norisk-ff370","status":"publish","type":"product","link":"https:\/\/personalbiker.com.br\/lojapb\/produto\/capacete-norisk-ff370\/","title":{"rendered":"Capacete Norisk ff370"},"content":{"rendered":"","protected":false},"excerpt":{"rendered":"<p>Descri\u00e7\u00e3o:<\/p>\n<p>&#8211; Casco aerodin\u00e2mico em resina termopl\u00e1stica ( ABS );<br \/>\n&#8211; Nova forra\u00e7\u00e3o, mais confort\u00e1vel, antial\u00e9rgico, remov\u00edvel e lav\u00e1vel;<br \/>\n&#8211; Viseira transparente antirrisco de 2mm em policarbonato com prote\u00e7\u00e3o UV;<br \/>\n&#8211; Viseira solar interna j\u00e1 embutida;<br \/>\n&#8211; Cinta jugular com sistema de engate microm\u00e9trico;<br \/>\n&#8211; 2 entradas de ar ajust\u00e1veis e 2 pontos de exaust\u00e3o;<br \/>\n&#8211; Pintura com tratamento em verniz anti-UV<\/p>\n<p>Para saber o tamanho adequado, medir circunfer\u00eancia da<br \/>\ncabe\u00e7a na altura da testa.<\/p>\n<p>imagens meramente ilustrativas<\/p>\n","protected":false},"featured_media":6324,"template":"","meta":[],"product_brand":[],"product_cat":[25,51],"product_tag":[],"class_list":{"0":"post-1050","1":"product","2":"type-product","3":"status-publish","4":"has-post-thumbnail","6":"product_cat-capacetes","7":"product_cat-norisk","8":"pa_cor-chumbo","9":"pa_tamanho-58m","11":"first","12":"instock","13":"shipping-taxable","14":"purchasable","15":"product-type-variable","16":"has-default-attributes"},"_links":{"self":[{"href":"https:\/\/personalbiker.com.br\/lojapb\/wp-json\/wp\/v2\/product\/1050","targetHints":{"allow":["GET"]}}],"collection":[{"href":"https:\/\/personalbiker.com.br\/lojapb\/wp-json\/wp\/v2\/product"}],"about":[{"href":"https:\/\/personalbiker.com.br\/lojapb\/wp-json\/wp\/v2\/types\/product"}],"wp:featuredmedia":[{"embeddable":true,"href":"https:\/\/personalbiker.com.br\/lojapb\/wp-json\/wp\/v2\/media\/6324"}],"wp:attachment":[{"href":"https:\/\/personalbiker.com.br\/lojapb\/wp-json\/wp\/v2\/media?parent=1050"}],"wp:term":[{"taxonomy":"product_brand","embeddable":true,"href":"https:\/\/personalbiker.com.br\/lojapb\/wp-json\/wp\/v2\/product_brand?post=1050"},{"taxonomy":"product_cat","embeddable":true,"href":"https:\/\/personalbiker.com.br\/lojapb\/wp-json\/wp\/v2\/product_cat?post=1050"},{"taxonomy":"product_tag","embeddable":true,"href":"https:\/\/personalbiker.com.br\/lojapb\/wp-json\/wp\/v2\/product_tag?post=1050"}],"curies":[{"name":"wp","href":"https:\/\/api.w.org\/{rel}","templated":true}]}}

<p>Descrição:</p>
<p>&#8211; Casco aerodinâmico em resina termoplástica ( ABS );<br />
&#8211; Nova forração, mais confortável, antialérgico, removível e lavável;<br />
&#8211; Viseira transparente antirrisco de 2mm em policarbonato com proteção UV;<br />
&#8211; Viseira solar interna já embutida;<br />
&#8211; Cinta jugular com sistema de engate micrométrico;<br />
&#8211; 2 entradas de ar ajustáveis e 2 pontos de exaustão;<br />
&#8211; Pintura com tratamento em verniz anti-UV</p>
<p>Para saber o tamanho adequado, medir circunferência da<br />
cabeça na altura da testa.</p>
<p>imagens meramente ilustrativas</p>
