{"id":1028,"date":"2019-02-05T14:02:39","date_gmt":"2019-02-05T16:02:39","guid":{"rendered":"http:\/\/personalbiker.com.br\/lojapb\/?post_type=product&#038;p=1028"},"modified":"2022-08-17T15:24:51","modified_gmt":"2022-08-17T18:24:51","slug":"capacete-mt-blade-braking","status":"publish","type":"product","link":"https:\/\/personalbiker.com.br\/lojapb\/produto\/capacete-mt-blade-braking\/","title":{"rendered":"Capacete MT Blade Braking"},"content":{"rendered":"","protected":false},"excerpt":{"rendered":"<p><strong>A MT \u00e9 uma marca tradicional da Espanha e fabrica capacetes desde 1968<\/strong><\/p>\n<p><strong> e hoje \u00e9 uma marca presente em todos os continentes, <\/strong><\/p>\n<p><strong>s\u00e3o mais de 65 distribuidores no mundo,<\/strong><\/p>\n<p><strong> hoje o Brasil \u00e9 um dos maiores distribuidores no mundo. <\/strong><\/p>\n<p><strong>Seu novo capacete\u00a0\u00e9 agora!<\/strong><\/p>\n<ul>\n<li class=\"first even\"><strong><span style=\"color: #000000\">Casco em ABS-P, mais leve e mais resistente;<\/span><\/strong><\/li>\n<li class=\"odd\"><strong><span style=\"color: #000000\">Dois tamanhos de casco;<\/span><\/strong><\/li>\n<li class=\"even\"><strong><span style=\"color: #000000\">Forra\u00e7\u00e3o em tecidos m\u00faltiplos para um conforto extra, totalmente remov\u00edvel e lav\u00e1vel;<\/span><\/strong><\/li>\n<li class=\"odd\"><strong><span style=\"color: #000000\">Viseira de 2,2 mil\u00edmetros com f\u00e1cil sistema de troca r\u00e1pida;<\/span><\/strong><\/li>\n<li class=\"even\"><strong><span style=\"color: #000000\">Cinta jugular com sistema de engate microm\u00e9trico;<\/span><\/strong><\/li>\n<li class=\"odd\"><strong><span style=\"color: #000000\">Sistema de ar din\u00e2mico que proporciona maior ventila\u00e7\u00e3o;<\/span><\/strong><\/li>\n<li class=\"even\"><strong><span style=\"color: #000000\">Bavete;<\/span><\/strong><\/li>\n<li class=\"last odd\"><strong><span style=\"color: #000000\">Narigueira.<\/span><\/strong><\/li>\n<li><strong>Para saber o tamanho adequado, medir circunfer\u00eancia da<\/strong><br \/>\n<strong>cabe\u00e7a na altura da testa.<\/strong><strong>imagens meramente ilustrativas<\/strong><\/li>\n<\/ul>\n","protected":false},"featured_media":10000,"template":"","meta":[],"product_brand":[],"product_cat":[53],"product_tag":[],"class_list":{"0":"post-1028","1":"product","2":"type-product","3":"status-publish","4":"has-post-thumbnail","6":"product_cat-mt","7":"pa_cor-matt-white","8":"pa_tamanho-58m","10":"first","11":"outofstock","12":"shipping-taxable","13":"purchasable","14":"product-type-variable"},"_links":{"self":[{"href":"https:\/\/personalbiker.com.br\/lojapb\/wp-json\/wp\/v2\/product\/1028","targetHints":{"allow":["GET"]}}],"collection":[{"href":"https:\/\/personalbiker.com.br\/lojapb\/wp-json\/wp\/v2\/product"}],"about":[{"href":"https:\/\/personalbiker.com.br\/lojapb\/wp-json\/wp\/v2\/types\/product"}],"wp:featuredmedia":[{"embeddable":true,"href":"https:\/\/personalbiker.com.br\/lojapb\/wp-json\/wp\/v2\/media\/10000"}],"wp:attachment":[{"href":"https:\/\/personalbiker.com.br\/lojapb\/wp-json\/wp\/v2\/media?parent=1028"}],"wp:term":[{"taxonomy":"product_brand","embeddable":true,"href":"https:\/\/personalbiker.com.br\/lojapb\/wp-json\/wp\/v2\/product_brand?post=1028"},{"taxonomy":"product_cat","embeddable":true,"href":"https:\/\/personalbiker.com.br\/lojapb\/wp-json\/wp\/v2\/product_cat?post=1028"},{"taxonomy":"product_tag","embeddable":true,"href":"https:\/\/personalbiker.com.br\/lojapb\/wp-json\/wp\/v2\/product_tag?post=1028"}],"curies":[{"name":"wp","href":"https:\/\/api.w.org\/{rel}","templated":true}]}}

<p><strong>A MT é uma marca tradicional da Espanha e fabrica capacetes desde 1968</strong></p>
<p><strong> e hoje é uma marca presente em todos os continentes, </strong></p>
<p><strong>são mais de 65 distribuidores no mundo,</strong></p>
<p><strong> hoje o Brasil é um dos maiores distribuidores no mundo. </strong></p>
<p><strong>Seu novo capacete é agora!</strong></p>
<ul>
<li class="first even"><strong><span style="color: #000000">Casco em ABS-P, mais leve e mais resistente;</span></strong></li>
<li class="odd"><strong><span style="color: #000000">Dois tamanhos de casco;</span></strong></li>
<li class="even"><strong><span style="color: #000000">Forração em tecidos múltiplos para um conforto extra, totalmente removível e lavável;</span></strong></li>
<li class="odd"><strong><span style="color: #000000">Viseira de 2,2 milímetros com fácil sistema de troca rápida;</span></strong></li>
<li class="even"><strong><span style="color: #000000">Cinta jugular com sistema de engate micrométrico;</span></strong></li>
<li class="odd"><strong><span style="color: #000000">Sistema de ar dinâmico que proporciona maior ventilação;</span></strong></li>
<li class="even"><strong><span style="color: #000000">Bavete;</span></strong></li>
<li class="last odd"><strong><span style="color: #000000">Narigueira.</span></strong></li>
<li><strong>Para saber o tamanho adequado, medir circunferência da</strong><br />
<strong>cabeça na altura da testa.</strong><strong>imagens meramente ilustrativas</strong></li>
</ul>
