{"id":8705,"date":"2019-10-11T14:25:01","date_gmt":"2019-10-11T17:25:01","guid":{"rendered":"http:\/\/personalbiker.com.br\/lojapb\/?post_type=product&#038;p=8705"},"modified":"2022-08-17T15:30:49","modified_gmt":"2022-08-17T18:30:49","slug":"capacete-norisk-ff32-wizard","status":"publish","type":"product","link":"http:\/\/personalbiker.com.br\/lojapb\/produto\/capacete-norisk-ff32-wizard\/","title":{"rendered":"Capacete Norisk FF32 WIZARD"},"content":{"rendered":"","protected":false},"excerpt":{"rendered":"<div class=\"jck-wt-all-images-wrap jck-wt-all-images-wrap--thumbnails-below\" data-showing=\"4066\" data-parentid=\"4065\" data-default=\"[{&quot;large&quot;:[&quot;http:\\\/\\\/noriskbr.com.br\\\/wp-content\\\/uploads\\\/2019\\\/02\\\/FF302-SOUL-WIZARD-GREEN-RED_4-NOVO.jpg&quot;,600,500,false],&quot;single&quot;:[&quot;http:\\\/\\\/noriskbr.com.br\\\/wp-content\\\/uploads\\\/2019\\\/02\\\/FF302-SOUL-WIZARD-GREEN-RED_4-NOVO-600x500.jpg&quot;,600,500,true],&quot;thumb&quot;:[&quot;http:\\\/\\\/noriskbr.com.br\\\/wp-content\\\/uploads\\\/2019\\\/02\\\/FF302-SOUL-WIZARD-GREEN-RED_4-NOVO-150x150.jpg&quot;,150,150,true],&quot;alt&quot;:&quot;&quot;,&quot;title&quot;:&quot;FF302-SOUL-WIZARD-GREEN-RED_4-NOVO&quot;},{&quot;large&quot;:[&quot;http:\\\/\\\/noriskbr.com.br\\\/wp-content\\\/uploads\\\/2019\\\/02\\\/FF302-SOUL-WIZARD-GREEN-RED_2.jpg&quot;,600,500,false],&quot;single&quot;:[&quot;http:\\\/\\\/noriskbr.com.br\\\/wp-content\\\/uploads\\\/2019\\\/02\\\/FF302-SOUL-WIZARD-GREEN-RED_2-600x500.jpg&quot;,600,500,true],&quot;thumb&quot;:[&quot;http:\\\/\\\/noriskbr.com.br\\\/wp-content\\\/uploads\\\/2019\\\/02\\\/FF302-SOUL-WIZARD-GREEN-RED_2-150x150.jpg&quot;,150,150,true],&quot;alt&quot;:&quot;&quot;,&quot;title&quot;:&quot;FF302-SOUL-WIZARD-GREEN-RED_2&quot;},{&quot;large&quot;:[&quot;http:\\\/\\\/noriskbr.com.br\\\/wp-content\\\/uploads\\\/2019\\\/02\\\/FF302-SOUL-WIZARD-GREEN-RED_3.jpg&quot;,600,500,false],&quot;single&quot;:[&quot;http:\\\/\\\/noriskbr.com.br\\\/wp-content\\\/uploads\\\/2019\\\/02\\\/FF302-SOUL-WIZARD-GREEN-RED_3-600x500.jpg&quot;,600,500,true],&quot;thumb&quot;:[&quot;http:\\\/\\\/noriskbr.com.br\\\/wp-content\\\/uploads\\\/2019\\\/02\\\/FF302-SOUL-WIZARD-GREEN-RED_3-150x150.jpg&quot;,150,150,true],&quot;alt&quot;:&quot;&quot;,&quot;title&quot;:&quot;FF302-SOUL-WIZARD-GREEN-RED_3&quot;},{&quot;large&quot;:[&quot;http:\\\/\\\/noriskbr.com.br\\\/wp-content\\\/uploads\\\/2019\\\/02\\\/FF302-SOUL-WIZARD-GREEN-RED_5.jpg&quot;,600,500,false],&quot;single&quot;:[&quot;http:\\\/\\\/noriskbr.com.br\\\/wp-content\\\/uploads\\\/2019\\\/02\\\/FF302-SOUL-WIZARD-GREEN-RED_5-600x500.jpg&quot;,600,500,true],&quot;thumb&quot;:[&quot;http:\\\/\\\/noriskbr.com.br\\\/wp-content\\\/uploads\\\/2019\\\/02\\\/FF302-SOUL-WIZARD-GREEN-RED_5-150x150.jpg&quot;,150,150,true],&quot;alt&quot;:&quot;&quot;,&quot;title&quot;:&quot;FF302-SOUL-WIZARD-GREEN-RED_5&quot;},{&quot;large&quot;:[&quot;http:\\\/\\\/noriskbr.com.br\\\/wp-content\\\/uploads\\\/2019\\\/02\\\/FF302-SOUL-WIZARD-GREEN-RED_1.jpg&quot;,600,500,false],&quot;single&quot;:[&quot;http:\\\/\\\/noriskbr.com.br\\\/wp-content\\\/uploads\\\/2019\\\/02\\\/FF302-SOUL-WIZARD-GREEN-RED_1-600x500.jpg&quot;,600,500,true],&quot;thumb&quot;:[&quot;http:\\\/\\\/noriskbr.com.br\\\/wp-content\\\/uploads\\\/2019\\\/02\\\/FF302-SOUL-WIZARD-GREEN-RED_1-150x150.jpg&quot;,150,150,true],&quot;alt&quot;:&quot;&quot;,&quot;title&quot;:&quot;FF302-SOUL-WIZARD-GREEN-RED_1&quot;}]\" data-slide-count=\"5\">\n<div class=\"jck-wt-images-wrap\"><span style=\"color: #555555;font-size: 14.4px\">Estilo e praticidade acompanham o motociclista que escolhe o NORISK FF302, especialmente projetado para todos os momentos em que \u00e9 preciso contar com a moto para escapar do tr\u00e2nsito e ganhar tempo para aproveitar o dia.<\/span><\/div>\n<\/div>\n<div class=\"summary entry-summary\">\n<div class=\"description-content\">\n<div class=\"wpb_row wf-container\">\n<div class=\"vc_col-sm-12 wpb_column column_container \">\n<div class=\"wpb_wrapper\">\n<div class=\"wpb_text_column wpb_content_element \">\n<div class=\"wpb_wrapper\">\n<p>Sucesso da marca, a linha FF302 possui aerodin\u00e2mica aprimorada, 6 n\u00edveis de abertura da viseira e visor solar interno para prote\u00e7\u00e3o em dias ensolarados, al\u00e9m de entradas e sa\u00eddas de ar estrategicamente posicionadas para melhorar a ventila\u00e7\u00e3o e forra\u00e7\u00e3o antial\u00e9rgica, remov\u00edvel e lav\u00e1vel.<\/p>\n<p>Informa\u00e7\u00f5es que constam no selo de seguran\u00e7a do Inmetro: OCP Brasil Cert 0055. Registro: 006410\/2016 BRC.C573<\/p>\n<p>imagens meramente ilustrativas<\/p>\n<\/div>\n<\/div>\n<\/div>\n<\/div>\n<\/div>\n<\/div>\n<\/div>\n","protected":false},"featured_media":0,"template":"","meta":[],"product_brand":[],"product_cat":[51],"product_tag":[],"class_list":{"0":"post-8705","1":"product","2":"type-product","3":"status-publish","5":"product_cat-norisk","6":"pa_cor-preto-azul-vermelho-amarelo","7":"pa_cor-preto-vermelho-branco-prata","8":"pa_tamanho-61xl","9":"pa_tamanho-58m","10":"pa_tamanho-60-l","12":"first","13":"outofstock","14":"shipping-taxable","15":"purchasable","16":"product-type-variable"},"_links":{"self":[{"href":"http:\/\/personalbiker.com.br\/lojapb\/wp-json\/wp\/v2\/product\/8705","targetHints":{"allow":["GET"]}}],"collection":[{"href":"http:\/\/personalbiker.com.br\/lojapb\/wp-json\/wp\/v2\/product"}],"about":[{"href":"http:\/\/personalbiker.com.br\/lojapb\/wp-json\/wp\/v2\/types\/product"}],"wp:attachment":[{"href":"http:\/\/personalbiker.com.br\/lojapb\/wp-json\/wp\/v2\/media?parent=8705"}],"wp:term":[{"taxonomy":"product_brand","embeddable":true,"href":"http:\/\/personalbiker.com.br\/lojapb\/wp-json\/wp\/v2\/product_brand?post=8705"},{"taxonomy":"product_cat","embeddable":true,"href":"http:\/\/personalbiker.com.br\/lojapb\/wp-json\/wp\/v2\/product_cat?post=8705"},{"taxonomy":"product_tag","embeddable":true,"href":"http:\/\/personalbiker.com.br\/lojapb\/wp-json\/wp\/v2\/product_tag?post=8705"}],"curies":[{"name":"wp","href":"https:\/\/api.w.org\/{rel}","templated":true}]}}