{"id":7875,"date":"2019-08-13T15:24:03","date_gmt":"2019-08-13T18:24:03","guid":{"rendered":"http:\/\/personalbiker.com.br\/lojapb\/?post_type=product&#038;p=7875"},"modified":"2022-08-23T16:23:45","modified_gmt":"2022-08-23T19:23:45","slug":"buzina-12v-top-bike-brandy","status":"publish","type":"product","link":"http:\/\/personalbiker.com.br\/lojapb\/produto\/buzina-12v-top-bike-brandy\/","title":{"rendered":"Buzina 12v Top Bike Brandy"},"content":{"rendered":"","protected":false},"excerpt":{"rendered":"<p>Produzida em Cobre e \u00e0 prova d\u2019\u00e1gua<br \/>\nAs buzinas da Brandy s\u00e3o produzidas com as mesmas especifica\u00e7\u00f5es das originais, utiliza cobre em seu interior e possui uma veda\u00e7\u00e3o perfeita que as tornam \u00e0 prova d\u2019\u00e1gua.<\/p>\n<p>Tens\u00e3o:12V\/1,5A<br \/>\nDecib\u00e9is:105 db<br \/>\nMaterial:Cobre<br \/>\nDi\u00e2metro:65 mm<br \/>\nCor: Preta<br \/>\nAplica\u00e7\u00e3o: Universal<\/p>\n<p>APLICA\u00c7\u00d5ES<br \/>\nUniversal<\/p>\n<p>&nbsp;<\/p>\n<p>imagens meramente ilustrativas<\/p>\n","protected":false},"featured_media":7876,"template":"","meta":[],"product_brand":[],"product_cat":[15],"product_tag":[],"class_list":{"0":"post-7875","1":"product","2":"type-product","3":"status-publish","4":"has-post-thumbnail","6":"product_cat-sem-categoria","8":"first","9":"instock","10":"shipping-taxable","11":"purchasable","12":"product-type-simple"},"_links":{"self":[{"href":"http:\/\/personalbiker.com.br\/lojapb\/wp-json\/wp\/v2\/product\/7875","targetHints":{"allow":["GET"]}}],"collection":[{"href":"http:\/\/personalbiker.com.br\/lojapb\/wp-json\/wp\/v2\/product"}],"about":[{"href":"http:\/\/personalbiker.com.br\/lojapb\/wp-json\/wp\/v2\/types\/product"}],"wp:featuredmedia":[{"embeddable":true,"href":"http:\/\/personalbiker.com.br\/lojapb\/wp-json\/wp\/v2\/media\/7876"}],"wp:attachment":[{"href":"http:\/\/personalbiker.com.br\/lojapb\/wp-json\/wp\/v2\/media?parent=7875"}],"wp:term":[{"taxonomy":"product_brand","embeddable":true,"href":"http:\/\/personalbiker.com.br\/lojapb\/wp-json\/wp\/v2\/product_brand?post=7875"},{"taxonomy":"product_cat","embeddable":true,"href":"http:\/\/personalbiker.com.br\/lojapb\/wp-json\/wp\/v2\/product_cat?post=7875"},{"taxonomy":"product_tag","embeddable":true,"href":"http:\/\/personalbiker.com.br\/lojapb\/wp-json\/wp\/v2\/product_tag?post=7875"}],"curies":[{"name":"wp","href":"https:\/\/api.w.org\/{rel}","templated":true}]}}