{"id":6003,"date":"2019-05-03T10:32:29","date_gmt":"2019-05-03T13:32:29","guid":{"rendered":"http:\/\/personalbiker.com.br\/lojapb\/?post_type=product&#038;p=6003"},"modified":"2022-08-17T15:47:33","modified_gmt":"2022-08-17T18:47:33","slug":"capacete-peels-f21-navy-2","status":"publish","type":"product","link":"http:\/\/personalbiker.com.br\/lojapb\/produto\/capacete-peels-f21-navy-2\/","title":{"rendered":"Capacete PEELS F21 NAVY"},"content":{"rendered":"","protected":false},"excerpt":{"rendered":"<p>capacete F-21 da Peels \u00e9 um modelo (aberto) urbano e possui a op\u00e7\u00e3o da queixeira remov\u00edvel, com muito estilo e design \u00fanico. Ele \u00e9 para o motociclista que procura por um capacete com design diferente e mais agressivo para pilotar a sua moto seja para o trabalho ou lazer.<\/p>\n<p>O F-21 \u00e9 um capacete para uso urbano, ideal para quem deseja a praticidade e design de um capacete aberto, mas gostaria de ter a versatilidade de um capacete fechado, com conforto e excelente acabamento.<\/p>\n<p><strong>Tecnologias:<\/strong><\/p>\n<p>Fecho Microm\u00e9trico<\/p>\n<p>Casco injetado ABS<\/p>\n<p>Verniz protetor e pintura mais resistente<\/p>\n<p>Queixeira remov\u00edvel<\/p>\n<p>Revestimento interno remov\u00edvel e lav\u00e1vel em tecido antial\u00e9rgico<\/p>\n<p>Viseira antirrisco<\/p>\n<p>Viseira em policarbonato dupla curvatura<\/p>\n<p>Viseira cristal \/ fum\u00ea<\/p>\n<p>Viseira de troca r\u00e1pida<\/p>\n<p>Dupla viseira<\/p>\n<p>Anel antifurto<\/p>\n","protected":false},"featured_media":10006,"template":"","meta":[],"product_brand":[],"product_cat":[58],"product_tag":[],"class_list":{"0":"post-6003","1":"product","2":"type-product","3":"status-publish","4":"has-post-thumbnail","6":"product_cat-peels","7":"pa_cor-branco-grafite","8":"pa_tamanho-74","10":"first","11":"outofstock","12":"shipping-taxable","13":"purchasable","14":"product-type-variable"},"_links":{"self":[{"href":"http:\/\/personalbiker.com.br\/lojapb\/wp-json\/wp\/v2\/product\/6003","targetHints":{"allow":["GET"]}}],"collection":[{"href":"http:\/\/personalbiker.com.br\/lojapb\/wp-json\/wp\/v2\/product"}],"about":[{"href":"http:\/\/personalbiker.com.br\/lojapb\/wp-json\/wp\/v2\/types\/product"}],"wp:featuredmedia":[{"embeddable":true,"href":"http:\/\/personalbiker.com.br\/lojapb\/wp-json\/wp\/v2\/media\/10006"}],"wp:attachment":[{"href":"http:\/\/personalbiker.com.br\/lojapb\/wp-json\/wp\/v2\/media?parent=6003"}],"wp:term":[{"taxonomy":"product_brand","embeddable":true,"href":"http:\/\/personalbiker.com.br\/lojapb\/wp-json\/wp\/v2\/product_brand?post=6003"},{"taxonomy":"product_cat","embeddable":true,"href":"http:\/\/personalbiker.com.br\/lojapb\/wp-json\/wp\/v2\/product_cat?post=6003"},{"taxonomy":"product_tag","embeddable":true,"href":"http:\/\/personalbiker.com.br\/lojapb\/wp-json\/wp\/v2\/product_tag?post=6003"}],"curies":[{"name":"wp","href":"https:\/\/api.w.org\/{rel}","templated":true}]}}