{"id":557,"date":"2017-08-04T12:59:40","date_gmt":"2017-08-04T12:59:40","guid":{"rendered":"http:\/\/personalbiker.com.br\/lojapb\/?product=quadriciclo-cforce-800cc"},"modified":"2020-07-07T08:31:53","modified_gmt":"2020-07-07T11:31:53","slug":"quadriciclo-cforce-800cc","status":"publish","type":"product","link":"http:\/\/personalbiker.com.br\/lojapb\/produto\/quadriciclo-cforce-800cc\/","title":{"rendered":"Quadriciclo C force 800cc (somente encomenda)"},"content":{"rendered":"<h1>Caracter\u00edsticas<\/h1>\n<table class=\"table table-striped\">\n<tbody>\n<tr>\n<td>GUINCHO EL\u00c9TRICO:<\/td>\n<td>Sim<\/td>\n<\/tr>\n<tr>\n<td>PAINEL DIGITAL:<\/td>\n<td>Sim<\/td>\n<\/tr>\n<tr>\n<td>ASSENTO DUPLO:<\/td>\n<td>Sim<\/td>\n<\/tr>\n<tr>\n<td>FAR\u00d3IS:<\/td>\n<td>Sim<\/td>\n<\/tr>\n<tr>\n<td>CONECTOR USB:<\/td>\n<td>Sim<\/td>\n<\/tr>\n<tr>\n<td>TOMADA:<\/td>\n<td>Sim<\/td>\n<\/tr>\n<tr>\n<td>ENGATE:<\/td>\n<td>Sim<\/td>\n<\/tr>\n<tr>\n<td>PROTETORES:<\/td>\n<td>Sim<\/td>\n<\/tr>\n<tr>\n<td>LIMITADOR DE VELOCIDADE:<\/td>\n<td>Sim<\/td>\n<\/tr>\n<tr>\n<td>CHAVE DE SEGURAN\u00c7A:<\/td>\n<td>Sim<\/td>\n<\/tr>\n<\/tbody>\n<\/table>\n<p>&nbsp;<\/p>\n<table class=\"table table-striped\">\n<tbody>\n<tr>\n<td>DIMENS\u00c3O CxLxA (mm):<\/td>\n<td>2300x1100x1350<\/td>\n<\/tr>\n<tr>\n<td>PESO L\u00cdQUIDO (kg):<\/td>\n<td>360<\/td>\n<\/tr>\n<tr>\n<td>ALTURA M\u00cdNIMA DO SOLO:<\/td>\n<td>250<\/td>\n<\/tr>\n<tr>\n<td>ALTURA DO ASSENTO (mm):<\/td>\n<td>540<\/td>\n<\/tr>\n<tr>\n<td>TANQUE DE COMBUST\u00cdVEL:<\/td>\n<td>15<\/td>\n<\/tr>\n<tr>\n<td>CAPACIDADE DE CARGA:<\/td>\n<td>150kg<\/td>\n<\/tr>\n<tr>\n<td>BATERIA:<\/td>\n<td>12V 30ah<\/td>\n<\/tr>\n<\/tbody>\n<\/table>\n<p>&nbsp;<\/p>\n<p>&nbsp;<\/p>\n<table class=\"table table-striped\">\n<tbody>\n<tr>\n<td>RODAS:<\/td>\n<td>Liga<br \/>\nleve com aro 12&#8243;<\/td>\n<\/tr>\n<tr>\n<td>PNEU DIANTEIRO:<\/td>\n<td>12&#215;6.0<br \/>\nAT<\/td>\n<\/tr>\n<tr>\n<td>PNEU TRASEIRO:<\/td>\n<td>12&#215;7.5<br \/>\nAT<\/td>\n<\/tr>\n<tr>\n<td>SUSPENS\u00c3O:<\/td>\n<td>Suspens\u00e3o independente nas 4 rodas<\/td>\n<\/tr>\n<tr>\n<td>AMORTECEDORES:<\/td>\n<td>Amortecedores \u00e0 \u00f3leo<\/td>\n<\/tr>\n<tr>\n<td>FREIOS (DIANTEIRO E TRASEIRO):<\/td>\n<td>Hidr\u00e1ulico<\/td>\n<\/tr>\n<tr>\n<td>FREIO DE ESTACIONAMENTO:<\/td>\n<td>Sim<\/td>\n<\/tr>\n<\/tbody>\n<\/table>\n<p>&nbsp;<\/p>\n<div id=\"heading1\" class=\"panel-heading\" role=\"tab\">\n<p>&nbsp;<\/p>\n<h4 class=\"panel-title\">MOTOR<\/h4>\n<p>&nbsp;<\/p>\n<\/div>\n<table class=\"table table-striped\">\n<tbody>\n<tr>\n<td>TIPO DO MOTOR:<\/td>\n<td>Monocil\u00edndrico, 4 v\u00e1lvulas, SOHC, EFI-Sistema de inje\u00e7\u00e3o BOSCH,<br \/>\nrefrigerado a \u00e1gua<\/td>\n<\/tr>\n<tr>\n<td>CILINDRADA:<\/td>\n<td>410<\/td>\n<\/tr>\n<tr>\n<td>POT\u00caNCIA:<\/td>\n<td>31CV\/7200rpm<\/td>\n<\/tr>\n<tr>\n<td>DI\u00c2METRO X CURSO:<\/td>\n<td>91&#215;61,5mm<\/td>\n<\/tr>\n<tr>\n<td>TAXA DE COMPRESS\u00c3O:<\/td>\n<td>10.3\uff1a1<\/td>\n<\/tr>\n<tr>\n<td>TORQUE M\u00c1XIMO:<\/td>\n<td>33N-m\/6000rpm<\/td>\n<\/tr>\n<tr>\n<td>VELOCIDADE M\u00c1XIMA:<\/td>\n<td>95<\/td>\n<\/tr>\n<tr>\n<td>SISTEMA DE ABASTECIMENTO:<\/td>\n<td>Bosch\u00ae<br \/>\nEFI (Inje\u00e7\u00e3o Eletr\u00f4nica de Combust\u00edvel)<\/td>\n<\/tr>\n<tr>\n<td>IGNI\u00c7\u00c3O:<\/td>\n<td>ECU<\/td>\n<\/tr>\n<tr>\n<td>PARTIDA:<\/td>\n<td>El\u00e9trica<\/td>\n<\/tr>\n<tr>\n<td>TRANSMISS\u00c3O:<\/td>\n<td>CVTech<br \/>\nCanadense<\/td>\n<\/tr>\n<tr>\n<td>TRA\u00c7\u00c3O:<\/td>\n<td>4&#215;2 \/<br \/>\n4&#215;4 Com Acionamento eletr\u00f4nico e reduzida<\/td>\n<\/tr>\n<tr>\n<td>RENDIMENTO KM\/L:<\/td>\n<td>21<\/td>\n<\/tr>\n<\/tbody>\n<\/table>\n","protected":false},"excerpt":{"rendered":"<p>IMAGENS MERAMENTE ILUSTRATIVAS<\/p>\n<p>PRODUTO ENTREGUE SOB ENCOMENDA POR TRANSPORTADORA<\/p>\n<p>, FRETE POR CONTA DO COMPRADOR<\/p>\n","protected":false},"featured_media":2174,"template":"","meta":[],"product_brand":[],"product_cat":[30],"product_tag":[],"class_list":{"0":"post-557","1":"product","2":"type-product","3":"status-publish","4":"has-post-thumbnail","6":"product_cat-quadriciclos","8":"first","9":"outofstock","10":"purchasable","11":"product-type-simple"},"_links":{"self":[{"href":"http:\/\/personalbiker.com.br\/lojapb\/wp-json\/wp\/v2\/product\/557","targetHints":{"allow":["GET"]}}],"collection":[{"href":"http:\/\/personalbiker.com.br\/lojapb\/wp-json\/wp\/v2\/product"}],"about":[{"href":"http:\/\/personalbiker.com.br\/lojapb\/wp-json\/wp\/v2\/types\/product"}],"wp:featuredmedia":[{"embeddable":true,"href":"http:\/\/personalbiker.com.br\/lojapb\/wp-json\/wp\/v2\/media\/2174"}],"wp:attachment":[{"href":"http:\/\/personalbiker.com.br\/lojapb\/wp-json\/wp\/v2\/media?parent=557"}],"wp:term":[{"taxonomy":"product_brand","embeddable":true,"href":"http:\/\/personalbiker.com.br\/lojapb\/wp-json\/wp\/v2\/product_brand?post=557"},{"taxonomy":"product_cat","embeddable":true,"href":"http:\/\/personalbiker.com.br\/lojapb\/wp-json\/wp\/v2\/product_cat?post=557"},{"taxonomy":"product_tag","embeddable":true,"href":"http:\/\/personalbiker.com.br\/lojapb\/wp-json\/wp\/v2\/product_tag?post=557"}],"curies":[{"name":"wp","href":"https:\/\/api.w.org\/{rel}","templated":true}]}}